CRAN Package Check Results for Package ggTimeSeries

Last updated on 2025-04-30 04:50:07 CEST.

Flavor Version Tinstall Tcheck Ttotal Status Flags
r-devel-linux-x86_64-debian-clang 1.0.2 6.10 69.66 75.76 NOTE
r-devel-linux-x86_64-debian-gcc 1.0.2 4.56 48.56 53.12 NOTE
r-devel-linux-x86_64-fedora-clang 1.0.2 102.31 NOTE
r-devel-linux-x86_64-fedora-gcc 1.0.2 111.58 NOTE
r-devel-windows-x86_64 1.0.2 8.00 81.00 89.00 NOTE
r-patched-linux-x86_64 1.0.2 6.35 62.40 68.75 NOTE
r-release-linux-x86_64 1.0.2 6.28 61.37 67.65 NOTE
r-release-macos-arm64 1.0.2 63.00 NOTE
r-release-macos-x86_64 1.0.2 67.00 NOTE
r-release-windows-x86_64 1.0.2 8.00 87.00 95.00 NOTE
r-oldrel-macos-arm64 1.0.2 38.00 NOTE
r-oldrel-macos-x86_64 1.0.2 56.00 NOTE
r-oldrel-windows-x86_64 1.0.2 10.00 97.00 107.00 NOTE

Check Details

Version: 1.0.2
Check: package subdirectories
Result: NOTE Problems with news in ‘NEWS.md’: Cannot extract version info from the following section titles: Win CRAN check results - R Windows Flavors: r-devel-linux-x86_64-debian-clang, r-devel-linux-x86_64-debian-gcc, r-devel-linux-x86_64-fedora-clang, r-devel-linux-x86_64-fedora-gcc, r-devel-windows-x86_64, r-patched-linux-x86_64, r-release-linux-x86_64, r-release-macos-arm64, r-release-macos-x86_64, r-release-windows-x86_64, r-oldrel-macos-arm64, r-oldrel-macos-x86_64, r-oldrel-windows-x86_64