Last updated on 2025-04-30 04:50:06 CEST.
Flavor | Version | Tinstall | Tcheck | Ttotal | Status | Flags |
---|---|---|---|---|---|---|
r-devel-linux-x86_64-debian-clang | 1.0.1 | 23.33 | 192.99 | 216.32 | NOTE | |
r-devel-linux-x86_64-debian-gcc | 1.0.1 | 14.54 | 123.32 | 137.86 | OK | |
r-devel-linux-x86_64-fedora-clang | 1.0.1 | 322.34 | OK | |||
r-devel-linux-x86_64-fedora-gcc | 1.0.1 | 309.62 | OK | |||
r-devel-windows-x86_64 | 1.0.1 | 25.00 | 199.00 | 224.00 | OK | |
r-patched-linux-x86_64 | 1.0.1 | 25.91 | 177.01 | 202.92 | OK | |
r-release-linux-x86_64 | 1.0.1 | 20.92 | 178.59 | 199.51 | OK | |
r-release-macos-arm64 | 1.0.1 | 81.00 | OK | |||
r-release-macos-x86_64 | 1.0.1 | 261.00 | OK | |||
r-release-windows-x86_64 | 1.0.1 | 27.00 | 202.00 | 229.00 | OK | |
r-oldrel-macos-arm64 | 1.0.1 | 87.00 | OK | |||
r-oldrel-macos-x86_64 | 1.0.1 | 226.00 | NOTE | |||
r-oldrel-windows-x86_64 | 1.0.1 | 33.00 | 253.00 | 286.00 | OK |
Version: 1.0.1
Check: examples
Result: NOTE
Examples with CPU (user + system) or elapsed time > 5s
user system elapsed
with_quad 5.380 0.055 6.802
circle_layout 4.818 0.008 8.046
free 4.124 0.008 6.673
align_plots 3.636 0.028 15.541
layout-operator 3.477 0.016 18.026
Flavor: r-devel-linux-x86_64-debian-clang
Version: 1.0.1
Check: package dependencies
Result: NOTE
Package suggested but not available for checking: ‘ragg’
Flavor: r-oldrel-macos-x86_64