CRAN Package Check Results for Package ggaligner

Last updated on 2025-04-30 04:50:06 CEST.

Flavor Version Tinstall Tcheck Ttotal Status Flags
r-devel-linux-x86_64-debian-clang 0.1 19.76 145.91 165.67 NOTE
r-devel-linux-x86_64-debian-gcc 0.1 13.37 102.39 115.76 NOTE
r-devel-linux-x86_64-fedora-clang 0.1 268.86 OK
r-devel-linux-x86_64-fedora-gcc 0.1 235.40 OK
r-devel-windows-x86_64 0.1 19.00 133.00 152.00 OK
r-patched-linux-x86_64 0.1 16.11 137.02 153.13 OK
r-release-linux-x86_64 0.1 16.01 134.66 150.67 OK
r-release-macos-arm64 0.1 5.00 ERROR
r-release-macos-x86_64 0.1 6.00 ERROR
r-release-windows-x86_64 0.1 20.00 131.00 151.00 OK
r-oldrel-macos-arm64 0.1 69.00 OK
r-oldrel-macos-x86_64 0.1 101.00 OK
r-oldrel-windows-x86_64 0.1 23.00 170.00 193.00 OK

Check Details

Version: 0.1
Check: CRAN incoming feasibility
Result: NOTE Maintainer: ‘Mohamed Soudy <MohmedSoudy2009@gmail.com>’ No Authors@R field in DESCRIPTION. Please add one, modifying Authors@R: person(given = "Mohamed", family = "Soudy", role = c("aut", "cre"), email = "mohmedsoudy2009@gmail.com") as necessary. Flavors: r-devel-linux-x86_64-debian-clang, r-devel-linux-x86_64-debian-gcc

Version: 0.1
Check: package dependencies
Result: ERROR Package required but not available: ‘ggmsa’ See section ‘The DESCRIPTION file’ in the ‘Writing R Extensions’ manual. Flavors: r-release-macos-arm64, r-release-macos-x86_64