Last updated on 2025-04-30 04:50:06 CEST.
Flavor | Version | Tinstall | Tcheck | Ttotal | Status | Flags |
---|---|---|---|---|---|---|
r-devel-linux-x86_64-debian-clang | 0.12.5 | 9.02 | 125.88 | 134.90 | NOTE | |
r-devel-linux-x86_64-debian-gcc | 0.12.5 | 5.77 | 89.37 | 95.14 | NOTE | |
r-devel-linux-x86_64-fedora-clang | 0.12.5 | 195.85 | OK | |||
r-devel-linux-x86_64-fedora-gcc | 0.12.5 | 201.91 | OK | |||
r-devel-windows-x86_64 | 0.12.5 | 10.00 | 131.00 | 141.00 | OK | |
r-patched-linux-x86_64 | 0.12.5 | 9.34 | 120.47 | 129.81 | OK | |
r-release-linux-x86_64 | 0.12.5 | 7.45 | 119.23 | 126.68 | OK | |
r-release-macos-arm64 | 0.12.5 | 60.00 | OK | |||
r-release-macos-x86_64 | 0.12.5 | 115.00 | OK | |||
r-release-windows-x86_64 | 0.12.5 | 11.00 | 126.00 | 137.00 | OK | |
r-oldrel-macos-arm64 | 0.12.5 | 60.00 | OK | |||
r-oldrel-macos-x86_64 | 0.12.5 | 94.00 | OK | |||
r-oldrel-windows-x86_64 | 0.12.5 | 12.00 | 158.00 | 170.00 | OK |
Version: 0.12.5
Check: examples
Result: NOTE
Examples with CPU (user + system) or elapsed time > 5s
user system elapsed
stat_alluvium 7.003 0.062 8.224
Flavor: r-devel-linux-x86_64-debian-clang
Version: 0.12.5
Check: examples
Result: NOTE
Examples with CPU (user + system) or elapsed time > 5s
user system elapsed
stat_alluvium 4.555 0.042 6.693
Flavor: r-devel-linux-x86_64-debian-gcc