CRAN Package Check Results for Package ggborderline

Last updated on 2025-04-30 04:50:06 CEST.

Flavor Version Tinstall Tcheck Ttotal Status Flags
r-devel-linux-x86_64-debian-clang 0.2.0 5.62 45.47 51.09 NOTE
r-devel-linux-x86_64-debian-gcc 0.2.0 4.16 31.76 35.92 NOTE
r-devel-linux-x86_64-fedora-clang 0.2.0 67.72 OK
r-devel-linux-x86_64-fedora-gcc 0.2.0 63.66 OK
r-devel-windows-x86_64 0.2.0 8.00 58.00 66.00 OK
r-patched-linux-x86_64 0.2.0 4.60 41.79 46.39 OK
r-release-linux-x86_64 0.2.0 4.91 41.16 46.07 OK
r-release-macos-arm64 0.2.0 42.00 OK
r-release-macos-x86_64 0.2.0 39.00 OK
r-release-windows-x86_64 0.2.0 7.00 59.00 66.00 OK
r-oldrel-macos-arm64 0.2.0 24.00 OK
r-oldrel-macos-x86_64 0.2.0 33.00 OK
r-oldrel-windows-x86_64 0.2.0 8.00 67.00 75.00 OK

Check Details

Version: 0.2.0
Check: CRAN incoming feasibility
Result: NOTE Maintainer: ‘Jacob Scott <jscott2718@gmail.com>’ No Authors@R field in DESCRIPTION. Please add one, modifying Authors@R: person(given = "Jacob", family = "Scott", role = c("aut", "cre"), email = "jscott2718@gmail.com") as necessary. Flavors: r-devel-linux-x86_64-debian-clang, r-devel-linux-x86_64-debian-gcc