CRAN Package Check Results for Package ggbrain

Last updated on 2025-04-30 04:50:06 CEST.

Flavor Version Tinstall Tcheck Ttotal Status Flags
r-devel-linux-x86_64-debian-clang 0.9.0 113.65 186.75 300.40 OK
r-devel-linux-x86_64-debian-gcc 0.9.0 72.04 129.18 201.22 OK
r-devel-linux-x86_64-fedora-clang 0.9.0 526.83 OK
r-devel-linux-x86_64-fedora-gcc 0.9.0 508.09 OK
r-devel-windows-x86_64 0.9.0 128.00 209.00 337.00 OK
r-patched-linux-x86_64 0.9.0 108.19 175.18 283.37 OK
r-release-linux-x86_64 0.9.0 104.15 173.90 278.05 OK
r-release-macos-arm64 0.9.0 122.00 OK
r-release-macos-x86_64 0.9.0 225.00 OK
r-release-windows-x86_64 0.9.0 133.00 209.00 342.00 OK
r-oldrel-macos-arm64 0.9.0 123.00 NOTE
r-oldrel-macos-x86_64 0.9.0 203.00 NOTE
r-oldrel-windows-x86_64 0.9.0 146.00 263.00 409.00 NOTE

Check Details

Version: 0.9.0
Check: installed package size
Result: NOTE installed size is 7.6Mb sub-directories of 1Mb or more: doc 1.6Mb extdata 2.2Mb libs 3.1Mb Flavors: r-oldrel-macos-arm64, r-oldrel-macos-x86_64, r-oldrel-windows-x86_64