Last updated on 2025-04-30 04:50:06 CEST.
Flavor | Version | Tinstall | Tcheck | Ttotal | Status | Flags |
---|---|---|---|---|---|---|
r-devel-linux-x86_64-debian-clang | 0.5.0 | 6.47 | 75.73 | 82.20 | NOTE | |
r-devel-linux-x86_64-debian-gcc | 0.5.0 | 4.19 | 55.32 | 59.51 | NOTE | |
r-devel-linux-x86_64-fedora-clang | 0.5.0 | 114.02 | OK | |||
r-devel-linux-x86_64-fedora-gcc | 0.5.0 | 129.08 | OK | |||
r-devel-windows-x86_64 | 0.5.0 | 9.00 | 78.00 | 87.00 | OK | |
r-patched-linux-x86_64 | 0.5.0 | 5.65 | 72.16 | 77.81 | OK | |
r-release-linux-x86_64 | 0.5.0 | 5.28 | 72.97 | 78.25 | OK | |
r-release-macos-arm64 | 0.5.0 | 38.00 | OK | |||
r-release-macos-x86_64 | 0.5.0 | 70.00 | OK | |||
r-release-windows-x86_64 | 0.5.0 | 9.00 | 78.00 | 87.00 | OK | |
r-oldrel-macos-arm64 | 0.5.0 | 39.00 | OK | |||
r-oldrel-macos-x86_64 | 0.5.0 | 59.00 | OK | |||
r-oldrel-windows-x86_64 | 0.5.0 | 12.00 | 92.00 | 104.00 | OK |
Version: 0.5.0
Check: CRAN incoming feasibility
Result: NOTE
Maintainer: ‘Kyla Belisario <kyla_belisario@protonmail.com>’
No Authors@R field in DESCRIPTION.
Please add one, modifying
Authors@R: person(given = "Kyla",
family = "Belisario",
role = c("aut", "cre"),
email = "kyla_belisario@protonmail.com")
as necessary.
Flavors: r-devel-linux-x86_64-debian-clang, r-devel-linux-x86_64-debian-gcc
Version: 0.5.0
Check: examples
Result: NOTE
Examples with CPU (user + system) or elapsed time > 5s
user system elapsed
gg_corset_elongated 2.152 0.028 5.82
Flavor: r-devel-linux-x86_64-debian-clang