CRAN Package Check Results for Package ggdark

Last updated on 2025-04-30 04:50:06 CEST.

Flavor Version Tinstall Tcheck Ttotal Status Flags
r-devel-linux-x86_64-debian-clang 0.2.1 4.96 86.62 91.58 NOTE
r-devel-linux-x86_64-debian-gcc 0.2.1 3.39 57.58 60.97 NOTE
r-devel-linux-x86_64-fedora-clang 0.2.1 136.21 OK
r-devel-linux-x86_64-fedora-gcc 0.2.1 141.40 OK
r-devel-windows-x86_64 0.2.1 6.00 92.00 98.00 OK
r-patched-linux-x86_64 0.2.1 4.92 85.43 90.35 OK
r-release-linux-x86_64 0.2.1 4.26 84.36 88.62 OK
r-release-macos-arm64 0.2.1 35.00 OK
r-release-macos-x86_64 0.2.1 48.00 OK
r-release-windows-x86_64 0.2.1 6.00 92.00 98.00 OK
r-oldrel-macos-arm64 0.2.1 26.00 NOTE
r-oldrel-macos-x86_64 0.2.1 37.00 NOTE
r-oldrel-windows-x86_64 0.2.1 9.00 122.00 131.00 NOTE

Check Details

Version: 0.2.1
Check: CRAN incoming feasibility
Result: NOTE Maintainer: ‘Neal Grantham <neal@nsgrantham.com>’ No Authors@R field in DESCRIPTION. Please add one, modifying Authors@R: person(given = "Neal", family = "Grantham", role = c("aut", "cre"), email = "neal@nsgrantham.com") as necessary. Flavors: r-devel-linux-x86_64-debian-clang, r-devel-linux-x86_64-debian-gcc

Version: 0.2.1
Check: examples
Result: NOTE Examples with CPU (user + system) or elapsed time > 5s user system elapsed ggdarktheme 13.167 0.044 14.676 dark_mode 5.399 0.080 9.183 invert_geom_defaults 3.898 0.000 5.091 Flavor: r-devel-linux-x86_64-debian-clang

Version: 0.2.1
Check: examples
Result: NOTE Examples with CPU (user + system) or elapsed time > 5s user system elapsed ggdarktheme 7.738 0.126 10.194 Flavor: r-devel-linux-x86_64-debian-gcc

Version: 0.2.1
Check: LazyData
Result: NOTE 'LazyData' is specified without a 'data' directory Flavors: r-oldrel-macos-arm64, r-oldrel-macos-x86_64, r-oldrel-windows-x86_64