Last updated on 2025-04-30 04:50:06 CEST.
Flavor | Version | Tinstall | Tcheck | Ttotal | Status | Flags |
---|---|---|---|---|---|---|
r-devel-linux-x86_64-debian-clang | 0.2.8 | 8.09 | 108.20 | 116.29 | NOTE | |
r-devel-linux-x86_64-debian-gcc | 0.2.8 | 5.32 | 77.26 | 82.58 | OK | |
r-devel-linux-x86_64-fedora-clang | 0.2.8 | 159.63 | OK | |||
r-devel-linux-x86_64-fedora-gcc | 0.2.8 | 173.13 | OK | |||
r-devel-windows-x86_64 | 0.2.8 | 11.00 | 98.00 | 109.00 | OK | |
r-patched-linux-x86_64 | 0.2.8 | 8.50 | 100.15 | 108.65 | OK | |
r-release-linux-x86_64 | 0.2.8 | 7.74 | 100.00 | 107.74 | OK | |
r-release-macos-arm64 | 0.2.8 | 49.00 | OK | |||
r-release-macos-x86_64 | 0.2.8 | 93.00 | OK | |||
r-release-windows-x86_64 | 0.2.8 | 12.00 | 96.00 | 108.00 | OK | |
r-oldrel-macos-arm64 | 0.2.8 | 50.00 | OK | |||
r-oldrel-macos-x86_64 | 0.2.8 | 82.00 | OK | |||
r-oldrel-windows-x86_64 | 0.2.8 | 13.00 | 115.00 | 128.00 | OK |
Version: 0.2.8
Check: examples
Result: NOTE
Examples with CPU (user + system) or elapsed time > 5s
user system elapsed
autoplot.SA 3.884 0.21 9.545
Flavor: r-devel-linux-x86_64-debian-clang