Last updated on 2025-04-30 04:50:06 CEST.
Flavor | Version | Tinstall | Tcheck | Ttotal | Status | Flags |
---|---|---|---|---|---|---|
r-devel-linux-x86_64-debian-clang | 3.3.3 | 25.76 | 487.14 | 512.90 | NOTE | |
r-devel-linux-x86_64-debian-gcc | 3.3.3 | 18.28 | 325.26 | 343.54 | OK | |
r-devel-linux-x86_64-fedora-clang | 3.3.3 | 880.62 | OK | |||
r-devel-linux-x86_64-fedora-gcc | 3.3.3 | 859.11 | OK | |||
r-devel-windows-x86_64 | 3.3.3 | 29.00 | 466.00 | 495.00 | OK | |
r-patched-linux-x86_64 | 3.3.3 | 34.18 | 473.40 | 507.58 | OK | |
r-release-linux-x86_64 | 3.3.3 | 24.36 | 473.43 | 497.79 | OK | |
r-release-macos-arm64 | 3.3.3 | 182.00 | OK | |||
r-release-macos-x86_64 | 3.3.3 | 391.00 | OK | |||
r-release-windows-x86_64 | 3.3.3 | 30.00 | 463.00 | 493.00 | OK | |
r-oldrel-macos-arm64 | 3.3.3 | 202.00 | OK | |||
r-oldrel-macos-x86_64 | 3.3.3 | 454.00 | OK | |||
r-oldrel-windows-x86_64 | 3.3.3 | 35.00 | 632.00 | 667.00 | OK |
Version: 3.3.3
Check: examples
Result: NOTE
Examples with CPU (user + system) or elapsed time > 5s
user system elapsed
interval_widths 4.800 0.082 5.435
Pr_ 2.192 0.097 9.633
point_interval 0.594 0.056 11.464
Flavor: r-devel-linux-x86_64-debian-clang