Last updated on 2025-02-21 03:52:13 CET.
Flavor | Version | Tinstall | Tcheck | Ttotal | Status | Flags |
---|---|---|---|---|---|---|
r-devel-linux-x86_64-debian-clang | 0.1.5 | 5.01 | 69.10 | 74.11 | NOTE | |
r-devel-linux-x86_64-debian-gcc | 0.1.5 | 3.69 | 48.78 | 52.47 | NOTE | |
r-devel-linux-x86_64-fedora-clang | 0.1.5 | 115.88 | NOTE | |||
r-devel-linux-x86_64-fedora-gcc | 0.1.5 | 124.58 | NOTE | |||
r-devel-macos-arm64 | 0.1.5 | 39.00 | OK | |||
r-devel-macos-x86_64 | 0.1.5 | 79.00 | NOTE | |||
r-devel-windows-x86_64 | 0.1.5 | 7.00 | 84.00 | 91.00 | NOTE | |
r-patched-linux-x86_64 | 0.1.5 | 5.06 | 63.63 | 68.69 | OK | |
r-release-linux-x86_64 | 0.1.5 | 4.04 | 64.82 | 68.86 | OK | |
r-release-macos-arm64 | 0.1.5 | 45.00 | OK | |||
r-release-macos-x86_64 | 0.1.5 | 70.00 | OK | |||
r-release-windows-x86_64 | 0.1.5 | 7.00 | 81.00 | 88.00 | OK | |
r-oldrel-macos-arm64 | 0.1.5 | 53.00 | OK | |||
r-oldrel-macos-x86_64 | 0.1.5 | 69.00 | OK | |||
r-oldrel-windows-x86_64 | 0.1.5 | 9.00 | 88.00 | 97.00 | OK |
Version: 0.1.5
Check: DESCRIPTION meta-information
Result: NOTE
Missing dependency on R >= 4.1.0 because package code uses the pipe
|> or function shorthand \(...) syntax added in R 4.1.0.
File(s) using such syntax:
‘labs2.R’
Flavors: r-devel-linux-x86_64-debian-clang, r-devel-linux-x86_64-debian-gcc, r-devel-linux-x86_64-fedora-clang, r-devel-linux-x86_64-fedora-gcc, r-devel-macos-x86_64, r-devel-windows-x86_64