CRAN Package Check Results for Package ggeasy

Last updated on 2025-04-30 04:50:06 CEST.

Flavor Version Tinstall Tcheck Ttotal Status Flags
r-devel-linux-x86_64-debian-clang 0.1.5 5.89 78.76 84.65 NOTE
r-devel-linux-x86_64-debian-gcc 0.1.5 4.30 55.46 59.76 NOTE
r-devel-linux-x86_64-fedora-clang 0.1.5 116.68 NOTE
r-devel-linux-x86_64-fedora-gcc 0.1.5 131.25 NOTE
r-devel-windows-x86_64 0.1.5 7.00 89.00 96.00 NOTE
r-patched-linux-x86_64 0.1.5 4.42 72.46 76.88 NOTE
r-release-linux-x86_64 0.1.5 4.09 72.59 76.68 NOTE
r-release-macos-arm64 0.1.5 62.00 NOTE
r-release-macos-x86_64 0.1.5 73.00 NOTE
r-release-windows-x86_64 0.1.5 8.00 86.00 94.00 NOTE
r-oldrel-macos-arm64 0.1.5 45.00 OK
r-oldrel-macos-x86_64 0.1.5 70.00 OK
r-oldrel-windows-x86_64 0.1.5 9.00 105.00 114.00 OK

Check Details

Version: 0.1.5
Check: DESCRIPTION meta-information
Result: NOTE Missing dependency on R >= 4.1.0 because package code uses the pipe |> or function shorthand \(...) syntax added in R 4.1.0. File(s) using such syntax: ‘labs2.R’ Flavors: r-devel-linux-x86_64-debian-clang, r-devel-linux-x86_64-debian-gcc, r-devel-linux-x86_64-fedora-clang, r-devel-linux-x86_64-fedora-gcc, r-devel-windows-x86_64, r-patched-linux-x86_64, r-release-linux-x86_64, r-release-macos-arm64, r-release-macos-x86_64, r-release-windows-x86_64