CRAN Package Check Results for Package ggenealogy

Last updated on 2025-04-30 04:50:06 CEST.

Flavor Version Tinstall Tcheck Ttotal Status Flags
r-devel-linux-x86_64-debian-clang 1.0.3 3.01 149.96 152.97 NOTE
r-devel-linux-x86_64-debian-gcc 1.0.3 2.51 97.76 100.27 NOTE
r-devel-linux-x86_64-fedora-clang 1.0.3 262.10 OK
r-devel-linux-x86_64-fedora-gcc 1.0.3 299.17 OK
r-devel-windows-x86_64 1.0.3 6.00 182.00 188.00 OK
r-patched-linux-x86_64 1.0.3 4.29 162.79 167.08 OK
r-release-linux-x86_64 1.0.3 3.30 164.70 168.00 OK
r-release-macos-arm64 1.0.3 92.00 OK
r-release-macos-x86_64 1.0.3 175.00 OK
r-release-windows-x86_64 1.0.3 6.00 174.00 180.00 OK
r-oldrel-macos-arm64 1.0.3 76.00 OK
r-oldrel-macos-x86_64 1.0.3 134.00 OK
r-oldrel-windows-x86_64 1.0.3 6.00 233.00 239.00 OK

Check Details

Version: 1.0.3
Check: CRAN incoming feasibility
Result: NOTE Maintainer: ‘Lindsay Rutter <ggenealogypackage@gmail.com>’ No Authors@R field in DESCRIPTION. Please add one, modifying Authors@R: c(person(given = "Lindsay", family = "Rutter", role = c("aut", "cre"), email = "ggenealogypackage@gmail.com"), person(given = "Susan", family = "Vanderplas", role = "aut"), person(given = "Di", family = "Cook", role = "aut")) as necessary. Flavors: r-devel-linux-x86_64-debian-clang, r-devel-linux-x86_64-debian-gcc