Last updated on 2025-04-30 04:50:06 CEST.
Flavor | Version | Tinstall | Tcheck | Ttotal | Status | Flags |
---|---|---|---|---|---|---|
r-devel-linux-x86_64-debian-clang | 0.3.7 | 6.43 | 148.24 | 154.67 | NOTE | |
r-devel-linux-x86_64-debian-gcc | 0.3.7 | 4.24 | 101.94 | 106.18 | NOTE | |
r-devel-linux-x86_64-fedora-clang | 0.3.7 | 231.62 | OK | |||
r-devel-linux-x86_64-fedora-gcc | 0.3.7 | 201.59 | OK | |||
r-devel-windows-x86_64 | 0.3.7 | 9.00 | 129.00 | 138.00 | OK | |
r-patched-linux-x86_64 | 0.3.7 | 6.77 | 125.90 | 132.67 | OK | |
r-release-linux-x86_64 | 0.3.7 | 5.85 | 125.61 | 131.46 | OK | |
r-release-macos-arm64 | 0.3.7 | 70.00 | OK | |||
r-release-macos-x86_64 | 0.3.7 | 111.00 | OK | |||
r-release-windows-x86_64 | 0.3.7 | 8.00 | 128.00 | 136.00 | OK | |
r-oldrel-macos-arm64 | 0.3.7 | 54.00 | OK | |||
r-oldrel-macos-x86_64 | 0.3.7 | 92.00 | OK | |||
r-oldrel-windows-x86_64 | 0.3.7 | 9.00 | 163.00 | 172.00 | OK |
Version: 0.3.7
Check: examples
Result: NOTE
Examples with CPU (user + system) or elapsed time > 5s
user system elapsed
stat_tile_etho 7.093 0.234 4.773
time_scales 5.737 0.221 3.614
id_labeller 4.827 0.055 5.588
Flavor: r-devel-linux-x86_64-debian-clang
Version: 0.3.7
Check: examples
Result: NOTE
Examples with CPU (user + system) or elapsed time > 5s
user system elapsed
stat_tile_etho 5.121 0.083 4.404
Flavor: r-devel-linux-x86_64-debian-gcc