Last updated on 2025-04-30 04:50:06 CEST.
Flavor | Version | Tinstall | Tcheck | Ttotal | Status | Flags |
---|---|---|---|---|---|---|
r-devel-linux-x86_64-debian-clang | 0.3.2 | 8.57 | 58.86 | 67.43 | NOTE | |
r-devel-linux-x86_64-debian-gcc | 0.3.2 | 5.27 | 40.73 | 46.00 | NOTE | |
r-devel-linux-x86_64-fedora-clang | 0.3.2 | 104.64 | NOTE | |||
r-devel-linux-x86_64-fedora-gcc | 0.3.2 | 101.46 | NOTE | |||
r-devel-windows-x86_64 | 0.3.2 | 11.00 | 74.00 | 85.00 | NOTE | |
r-patched-linux-x86_64 | 0.3.2 | 8.58 | 54.64 | 63.22 | NOTE | |
r-release-linux-x86_64 | 0.3.2 | 8.70 | 53.77 | 62.47 | NOTE | |
r-release-macos-arm64 | 0.3.2 | 30.00 | NOTE | |||
r-release-macos-x86_64 | 0.3.2 | 54.00 | NOTE | |||
r-release-windows-x86_64 | 0.3.2 | 10.00 | 72.00 | 82.00 | NOTE | |
r-oldrel-macos-arm64 | 0.3.2 | 31.00 | OK | |||
r-oldrel-macos-x86_64 | 0.3.2 | 61.00 | OK | |||
r-oldrel-windows-x86_64 | 0.3.2 | 12.00 | 85.00 | 97.00 | OK |
Version: 0.3.2
Check: DESCRIPTION meta-information
Result: NOTE
Missing dependency on R >= 4.1.0 because package code uses the pipe
|> or function shorthand \(...) syntax added in R 4.1.0.
File(s) using such syntax:
‘geometrical_data_analysis.R’ ‘ggmca.Rd’ ‘ggmca_with_base_ref.Rd’
‘ggpca_3d.Rd’ ‘ggpca_cor_circle.Rd’ ‘pca_interpret.Rd’ ‘utils.R’
Flavors: r-devel-linux-x86_64-debian-clang, r-devel-linux-x86_64-debian-gcc, r-devel-linux-x86_64-fedora-clang, r-devel-linux-x86_64-fedora-gcc, r-devel-windows-x86_64, r-patched-linux-x86_64, r-release-linux-x86_64, r-release-macos-arm64, r-release-windows-x86_64
Version: 0.3.2
Check: examples
Result: NOTE
Examples with CPU (user + system) or elapsed time > 5s
user system elapsed
HCPC_tab 6.429 0.13 7.85
Flavor: r-devel-linux-x86_64-debian-clang
Version: 0.3.2
Check: examples
Result: NOTE
Examples with CPU (user + system) or elapsed time > 5s
user system elapsed
HCPC_tab 4.157 0.104 5.091
Flavor: r-devel-linux-x86_64-debian-gcc
Version: 0.3.2
Check: DESCRIPTION meta-information
Result: NOTE
Missing dependency on R >= 4.1.0 because package code uses the pipe
|> or function shorthand \(...) syntax added in R 4.1.0.
File(s) using such syntax:
‘geometrical_data_analysis.R’ ‘utils.R’
Flavor: r-release-macos-x86_64