CRAN Package Check Results for Package ggfixest

Last updated on 2025-04-30 04:50:06 CEST.

Flavor Version Tinstall Tcheck Ttotal Status Flags
r-devel-linux-x86_64-debian-clang 0.2.0 7.38 143.90 151.28 NOTE
r-devel-linux-x86_64-debian-gcc 0.2.0 5.97 102.92 108.89 NOTE
r-devel-linux-x86_64-fedora-clang 0.2.0 240.04 NOTE
r-devel-linux-x86_64-fedora-gcc 0.2.0 242.78 NOTE
r-devel-windows-x86_64 0.2.0 14.00 113.00 127.00 NOTE
r-patched-linux-x86_64 0.2.0 7.66 136.88 144.54 NOTE
r-release-linux-x86_64 0.2.0 7.26 137.23 144.49 NOTE
r-release-macos-arm64 0.2.0 94.00 NOTE
r-release-macos-x86_64 0.2.0 128.00 NOTE
r-release-windows-x86_64 0.2.0 12.00 130.00 142.00 NOTE
r-oldrel-macos-arm64 0.2.0 63.00 OK
r-oldrel-macos-x86_64 0.2.0 125.00 OK
r-oldrel-windows-x86_64 0.2.0 15.00 139.00 154.00 OK

Check Details

Version: 0.2.0
Check: DESCRIPTION meta-information
Result: NOTE Missing dependency on R >= 4.1.0 because package code uses the pipe |> or function shorthand \(...) syntax added in R 4.1.0. File(s) using such syntax: ‘ggcoefplot.Rd’ Flavors: r-devel-linux-x86_64-debian-clang, r-devel-linux-x86_64-debian-gcc, r-devel-linux-x86_64-fedora-clang, r-devel-linux-x86_64-fedora-gcc, r-devel-windows-x86_64, r-patched-linux-x86_64, r-release-linux-x86_64, r-release-macos-arm64, r-release-macos-x86_64, r-release-windows-x86_64

Version: 0.2.0
Check: examples
Result: NOTE Examples with CPU (user + system) or elapsed time > 5s user system elapsed ggcoefplot 10.117 0.247 12.925 Flavor: r-devel-linux-x86_64-debian-clang

Version: 0.2.0
Check: examples
Result: NOTE Examples with CPU (user + system) or elapsed time > 5s user system elapsed ggcoefplot 7.047 0.361 9.568 Flavor: r-devel-linux-x86_64-debian-gcc