Last updated on 2025-04-30 04:50:06 CEST.
Flavor | Version | Tinstall | Tcheck | Ttotal | Status | Flags |
---|---|---|---|---|---|---|
r-devel-linux-x86_64-debian-clang | 0.2.1 | 4.10 | 41.43 | 45.53 | NOTE | |
r-devel-linux-x86_64-debian-gcc | 0.2.1 | 2.62 | 31.18 | 33.80 | NOTE | |
r-devel-linux-x86_64-fedora-clang | 0.2.1 | 66.24 | OK | |||
r-devel-linux-x86_64-fedora-gcc | 0.2.1 | 66.99 | OK | |||
r-devel-windows-x86_64 | 0.2.1 | 7.00 | 58.00 | 65.00 | OK | |
r-patched-linux-x86_64 | 0.2.1 | 4.39 | 37.58 | 41.97 | OK | |
r-release-linux-x86_64 | 0.2.1 | 3.54 | 38.63 | 42.17 | OK | |
r-release-macos-arm64 | 0.2.1 | 30.00 | OK | |||
r-release-macos-x86_64 | 0.2.1 | 53.00 | OK | |||
r-release-windows-x86_64 | 0.2.1 | 6.00 | 58.00 | 64.00 | OK | |
r-oldrel-macos-arm64 | 0.2.1 | 30.00 | OK | |||
r-oldrel-macos-x86_64 | 0.2.1 | 45.00 | OK | |||
r-oldrel-windows-x86_64 | 0.2.1 | 7.00 | 63.00 | 70.00 | OK |
Version: 0.2.1
Check: examples
Result: NOTE
Examples with CPU (user + system) or elapsed time > 5s
user system elapsed
xg_map 3.908 0.258 7.992
Flavor: r-devel-linux-x86_64-debian-clang
Version: 0.2.1
Check: examples
Result: NOTE
Examples with CPU (user + system) or elapsed time > 5s
user system elapsed
xg_map 2.634 0.212 5.732
Flavor: r-devel-linux-x86_64-debian-gcc