Last updated on 2025-04-30 04:50:06 CEST.
Flavor | Version | Tinstall | Tcheck | Ttotal | Status | Flags |
---|---|---|---|---|---|---|
r-devel-linux-x86_64-debian-clang | 0.4.2 | 71.81 | 140.47 | 212.28 | NOTE | |
r-devel-linux-x86_64-debian-gcc | 0.4.2 | 56.09 | 98.82 | 154.91 | NOTE | |
r-devel-linux-x86_64-fedora-clang | 0.4.2 | 343.35 | OK | |||
r-devel-linux-x86_64-fedora-gcc | 0.4.2 | 361.76 | OK | |||
r-devel-windows-x86_64 | 0.4.2 | 80.00 | 170.00 | 250.00 | OK | |
r-patched-linux-x86_64 | 0.4.2 | 77.37 | 138.23 | 215.60 | OK | |
r-release-linux-x86_64 | 0.4.2 | 78.17 | 137.73 | 215.90 | OK | |
r-release-macos-arm64 | 0.4.2 | 102.00 | OK | |||
r-release-macos-x86_64 | 0.4.2 | 162.00 | OK | |||
r-release-windows-x86_64 | 0.4.2 | 81.00 | 182.00 | 263.00 | OK | |
r-oldrel-macos-arm64 | 0.4.2 | 87.00 | NOTE | |||
r-oldrel-macos-x86_64 | 0.4.2 | 134.00 | NOTE | |||
r-oldrel-windows-x86_64 | 0.4.2 | 90.00 | 225.00 | 315.00 | OK |
Version: 0.4.2
Check: examples
Result: NOTE
Examples with CPU (user + system) or elapsed time > 5s
user system elapsed
facet_grid_paginate 8.193 0.228 18.863
geom_autohistogram 6.989 0.047 8.314
facet_matrix 5.592 0.027 8.406
geom_diagonal 1.173 0.059 11.288
Flavor: r-devel-linux-x86_64-debian-clang
Version: 0.4.2
Check: examples
Result: NOTE
Examples with CPU (user + system) or elapsed time > 5s
user system elapsed
facet_grid_paginate 5.713 0.16 7.596
geom_autohistogram 4.680 0.02 5.500
Flavor: r-devel-linux-x86_64-debian-gcc
Version: 0.4.2
Check: installed package size
Result: NOTE
installed size is 22.3Mb
sub-directories of 1Mb or more:
help 1.2Mb
libs 20.4Mb
Flavors: r-oldrel-macos-arm64, r-oldrel-macos-x86_64