CRAN Package Check Results for Package ggformula

Last updated on 2025-04-30 04:50:06 CEST.

Flavor Version Tinstall Tcheck Ttotal Status Flags
r-devel-linux-x86_64-debian-clang 0.12.0 17.66 219.74 237.40 NOTE
r-devel-linux-x86_64-debian-gcc 0.12.0 13.61 144.60 158.21 NOTE
r-devel-linux-x86_64-fedora-clang 0.12.0 361.18 OK
r-devel-linux-x86_64-fedora-gcc 0.12.0 373.79 OK
r-devel-windows-x86_64 0.12.0 18.00 218.00 236.00 NOTE
r-patched-linux-x86_64 0.12.0 22.61 208.53 231.14 NOTE
r-release-linux-x86_64 0.12.0 19.31 209.48 228.79 NOTE
r-release-macos-arm64 0.12.0 108.00 OK
r-release-macos-x86_64 0.12.0 185.00 OK
r-release-windows-x86_64 0.12.0 19.00 215.00 234.00 NOTE
r-oldrel-macos-arm64 0.12.0 97.00 OK
r-oldrel-macos-x86_64 0.12.0 152.00 OK
r-oldrel-windows-x86_64 0.12.0 25.00 283.00 308.00 OK

Check Details

Version: 0.12.0
Check: Rd cross-references
Result: NOTE Found the following Rd file(s) with Rd \link{} targets missing package anchors: geom_spline.Rd: geom_smooth, aes, aes_string gf_ash.Rd: aes, aes_, facet_wrap, facet_grid, geom_histogram gf_bar.Rd: facet_wrap, facet_grid gf_bin2d.Rd: facet_wrap, facet_grid gf_blank.Rd: facet_wrap, facet_grid gf_boxplot.Rd: facet_wrap, facet_grid gf_col.Rd: facet_wrap, facet_grid gf_contour.Rd: facet_wrap, facet_grid gf_count.Rd: facet_wrap, facet_grid gf_crossbar.Rd: facet_wrap, facet_grid gf_curve.Rd: facet_wrap, facet_grid gf_density.Rd: facet_wrap, facet_grid gf_density_2d.Rd: facet_wrap, facet_grid gf_dotplot.Rd: facet_wrap, facet_grid gf_facet_grid.Rd: facet_wrap, facet_grid gf_fitdistr.Rd: facet_wrap, facet_grid gf_freqpoly.Rd: facet_wrap, facet_grid gf_hex.Rd: facet_wrap, facet_grid gf_histogram.Rd: facet_wrap, facet_grid gf_jitter.Rd: facet_wrap, facet_grid gf_line.Rd: facet_wrap, facet_grid gf_point.Rd: facet_wrap, facet_grid gf_polygon.Rd: facet_wrap, facet_grid gf_qq.Rd: facet_wrap, facet_grid gf_quantile.Rd: facet_wrap, facet_grid gf_raster.Rd: facet_wrap, facet_grid gf_rect.Rd: facet_wrap, facet_grid gf_rug.Rd: facet_wrap, facet_grid gf_segment.Rd: facet_wrap, facet_grid gf_sf.Rd: facet_wrap, facet_grid gf_sina.Rd: facet_wrap, facet_grid gf_smooth.Rd: facet_wrap, facet_grid gf_spline.Rd: facet_wrap, facet_grid gf_spoke.Rd: facet_wrap, facet_grid gf_step.Rd: facet_wrap, facet_grid gf_text.Rd: facet_wrap, facet_grid gf_theme.Rd: theme_minimal gf_tile.Rd: facet_wrap, facet_grid gf_violin.Rd: facet_wrap, facet_grid ggformula-ggproto.Rd: stat_qq ggformula.Rd: facet_wrap, facet_grid stat_qqline.Rd: aes, aes_string Please provide package anchors for all Rd \link{} targets not in the package itself and the base packages. Flavors: r-devel-linux-x86_64-debian-clang, r-devel-linux-x86_64-debian-gcc, r-devel-windows-x86_64, r-patched-linux-x86_64, r-release-linux-x86_64, r-release-windows-x86_64

Version: 0.12.0
Check: examples
Result: NOTE Examples with CPU (user + system) or elapsed time > 5s user system elapsed gf_linerange 5.287 0.026 12.619 gf_bar 4.137 0.046 5.409 ggridges 4.018 0.024 5.204 gf_facet_grid 3.538 0.000 5.415 gf_lines 3.423 0.051 8.523 gf_smooth 3.320 0.062 7.088 gf_sf 2.379 0.055 8.632 ggstance 1.720 0.019 5.788 gf_plot 0.460 0.012 6.720 Flavor: r-devel-linux-x86_64-debian-clang