Last updated on 2025-04-30 04:50:06 CEST.
Flavor | Version | Tinstall | Tcheck | Ttotal | Status | Flags |
---|---|---|---|---|---|---|
r-devel-linux-x86_64-debian-clang | 0.4.17 | 13.80 | 220.98 | 234.78 | NOTE | |
r-devel-linux-x86_64-debian-gcc | 0.4.17 | 8.89 | 150.42 | 159.31 | OK | |
r-devel-linux-x86_64-fedora-clang | 0.4.17 | 362.11 | OK | |||
r-devel-linux-x86_64-fedora-gcc | 0.4.17 | 361.52 | OK | |||
r-devel-windows-x86_64 | 0.4.17 | 16.00 | 226.00 | 242.00 | OK | |
r-patched-linux-x86_64 | 0.4.17 | 15.22 | 204.88 | 220.10 | OK | |
r-release-linux-x86_64 | 0.4.17 | 12.32 | 206.95 | 219.27 | OK | |
r-release-macos-arm64 | 0.4.17 | 97.00 | OK | |||
r-release-macos-x86_64 | 0.4.17 | 200.00 | OK | |||
r-release-windows-x86_64 | 0.4.17 | 17.00 | 225.00 | 242.00 | OK | |
r-oldrel-macos-arm64 | 0.4.17 | 105.00 | OK | |||
r-oldrel-macos-x86_64 | 0.4.17 | 149.00 | OK | |||
r-oldrel-windows-x86_64 | 0.4.17 | 21.00 | 277.00 | 298.00 | OK |
Version: 0.4.17
Check: examples
Result: NOTE
Examples with CPU (user + system) or elapsed time > 5s
user system elapsed
autoplot.cv.glmnet 1.942 0.138 11.381
autoplot.matrix 1.003 0.024 5.002
Flavor: r-devel-linux-x86_64-debian-clang