Last updated on 2025-04-30 04:50:06 CEST.
Flavor | Version | Tinstall | Tcheck | Ttotal | Status | Flags |
---|---|---|---|---|---|---|
r-devel-linux-x86_64-debian-clang | 0.3.1 | 24.19 | 74.52 | 98.71 | NOTE | |
r-devel-linux-x86_64-debian-gcc | 0.3.1 | 16.96 | 51.44 | 68.40 | NOTE | |
r-devel-linux-x86_64-fedora-clang | 0.3.1 | 150.90 | OK | |||
r-devel-linux-x86_64-fedora-gcc | 0.3.1 | 163.82 | OK | |||
r-devel-windows-x86_64 | 0.3.1 | 24.00 | 86.00 | 110.00 | OK | |
r-patched-linux-x86_64 | 0.3.1 | 25.27 | 69.07 | 94.34 | OK | |
r-release-linux-x86_64 | 0.3.1 | 25.54 | 68.60 | 94.14 | OK | |
r-release-macos-arm64 | 0.3.1 | 62.00 | OK | |||
r-release-macos-x86_64 | 0.3.1 | 94.00 | OK | |||
r-release-windows-x86_64 | 0.3.1 | 24.00 | 85.00 | 109.00 | OK | |
r-oldrel-macos-arm64 | 0.3.1 | 52.00 | OK | |||
r-oldrel-macos-x86_64 | 0.3.1 | 143.00 | OK | |||
r-oldrel-windows-x86_64 | 0.3.1 | 31.00 | 102.00 | 133.00 | OK |
Version: 0.3.1
Check: examples
Result: NOTE
Examples with CPU (user + system) or elapsed time > 5s
user system elapsed
geom_casting 6.605 0.149 10.325
display_palette 2.304 0.028 12.898
Flavor: r-devel-linux-x86_64-debian-clang
Version: 0.3.1
Check: examples
Result: NOTE
Examples with CPU (user + system) or elapsed time > 5s
user system elapsed
geom_casting 4.329 0.132 5.303
Flavor: r-devel-linux-x86_64-debian-gcc