Last updated on 2025-04-30 04:50:06 CEST.
Flavor | Version | Tinstall | Tcheck | Ttotal | Status | Flags |
---|---|---|---|---|---|---|
r-devel-linux-x86_64-debian-clang | 0.5.1 | 5.33 | 86.56 | 91.89 | NOTE | |
r-devel-linux-x86_64-debian-gcc | 0.5.1 | 3.68 | 58.29 | 61.97 | OK | |
r-devel-linux-x86_64-fedora-clang | 0.5.1 | 135.94 | OK | |||
r-devel-linux-x86_64-fedora-gcc | 0.5.1 | 149.20 | OK | |||
r-devel-windows-x86_64 | 0.5.1 | 7.00 | 95.00 | 102.00 | OK | |
r-patched-linux-x86_64 | 0.5.1 | 4.60 | 80.87 | 85.47 | OK | |
r-release-linux-x86_64 | 0.5.1 | 5.33 | 80.22 | 85.55 | OK | |
r-release-macos-arm64 | 0.5.1 | 63.00 | OK | |||
r-release-macos-x86_64 | 0.5.1 | 81.00 | OK | |||
r-release-windows-x86_64 | 0.5.1 | 8.00 | 91.00 | 99.00 | OK | |
r-oldrel-macos-arm64 | 0.5.1 | 43.00 | OK | |||
r-oldrel-macos-x86_64 | 0.5.1 | 65.00 | OK | |||
r-oldrel-windows-x86_64 | 0.5.1 | 7.00 | 113.00 | 120.00 | OK |
Version: 0.5.1
Check: examples
Result: NOTE
Examples with CPU (user + system) or elapsed time > 5s
user system elapsed
geom_subgene_arrow 1.395 0.025 12.23
Flavor: r-devel-linux-x86_64-debian-clang