Last updated on 2025-04-30 04:50:06 CEST.
Flavor | Version | Tinstall | Tcheck | Ttotal | Status | Flags |
---|---|---|---|---|---|---|
r-devel-linux-x86_64-debian-clang | 1.0.1 | 12.72 | 247.89 | 260.61 | NOTE | |
r-devel-linux-x86_64-debian-gcc | 1.0.1 | 7.52 | 166.05 | 173.57 | NOTE | |
r-devel-linux-x86_64-fedora-clang | 1.0.1 | 454.96 | NOTE | |||
r-devel-linux-x86_64-fedora-gcc | 1.0.1 | 401.31 | NOTE | |||
r-devel-windows-x86_64 | 1.0.1 | 16.00 | 280.00 | 296.00 | NOTE | |
r-patched-linux-x86_64 | 1.0.1 | 13.40 | 234.47 | 247.87 | NOTE | |
r-release-linux-x86_64 | 1.0.1 | 9.64 | 236.01 | 245.65 | NOTE | |
r-release-macos-arm64 | 1.0.1 | 116.00 | NOTE | |||
r-release-macos-x86_64 | 1.0.1 | 232.00 | NOTE | |||
r-release-windows-x86_64 | 1.0.1 | 15.00 | 278.00 | 293.00 | NOTE | |
r-oldrel-macos-arm64 | 1.0.1 | 115.00 | OK | |||
r-oldrel-macos-x86_64 | 1.0.1 | 306.00 | OK | |||
r-oldrel-windows-x86_64 | 1.0.1 | 19.00 | 356.00 | 375.00 | OK |
Version: 1.0.1
Check: DESCRIPTION meta-information
Result: NOTE
Missing dependency on R >= 4.1.0 because package code uses the pipe
|> or function shorthand \(...) syntax added in R 4.1.0.
File(s) using such syntax:
‘aaa.R’ ‘flip.R’ ‘geom_link.Rd’ ‘geom_seq.Rd’ ‘geom_seq_break.Rd’
‘shift.Rd’ ‘track_info.Rd’
Flavors: r-devel-linux-x86_64-debian-clang, r-devel-linux-x86_64-debian-gcc, r-devel-linux-x86_64-fedora-clang, r-devel-linux-x86_64-fedora-gcc, r-devel-windows-x86_64, r-patched-linux-x86_64, r-release-linux-x86_64, r-release-macos-arm64, r-release-windows-x86_64
Version: 1.0.1
Check: examples
Result: NOTE
Examples with CPU (user + system) or elapsed time > 5s
user system elapsed
focus 10.461 0.142 12.900
gggenomes 9.711 0.188 19.678
add_tracks 8.771 0.452 12.949
geom_gene 7.641 0.020 9.231
read_alitv 7.402 0.114 14.356
pick 6.790 0.166 11.634
geom_link 6.528 0.067 8.004
flip 6.525 0.008 7.438
scale_x_bp 5.342 0.080 7.226
geom_wiggle 4.961 0.073 16.939
position_strand 4.355 0.063 5.260
geom_seq 4.314 0.004 5.336
shift 4.142 0.020 5.673
geom_seq_break 3.723 0.011 8.759
pull_track 1.355 0.027 5.022
Flavor: r-devel-linux-x86_64-debian-clang
Version: 1.0.1
Check: examples
Result: NOTE
Examples with CPU (user + system) or elapsed time > 5s
user system elapsed
focus 6.244 0.402 9.324
gggenomes 6.312 0.179 8.855
add_tracks 5.781 0.270 6.975
geom_gene 4.975 0.184 6.296
read_alitv 4.471 0.152 6.644
flip 4.042 0.192 5.193
Flavor: r-devel-linux-x86_64-debian-gcc
Version: 1.0.1
Check: DESCRIPTION meta-information
Result: NOTE
Missing dependency on R >= 4.1.0 because package code uses the pipe
|> or function shorthand \(...) syntax added in R 4.1.0.
File(s) using such syntax:
‘aaa.R’ ‘flip.R’
Flavor: r-release-macos-x86_64