Last updated on 2025-04-30 04:50:06 CEST.
Flavor | Version | Tinstall | Tcheck | Ttotal | Status | Flags |
---|---|---|---|---|---|---|
r-devel-linux-x86_64-debian-clang | 0.1.1 | 4.68 | 66.36 | 71.04 | NOTE | |
r-devel-linux-x86_64-debian-gcc | 0.1.1 | 3.28 | 47.56 | 50.84 | OK | |
r-devel-linux-x86_64-fedora-clang | 0.1.1 | 100.36 | OK | |||
r-devel-linux-x86_64-fedora-gcc | 0.1.1 | 115.92 | OK | |||
r-devel-windows-x86_64 | 0.1.1 | 7.00 | 78.00 | 85.00 | OK | |
r-patched-linux-x86_64 | 0.1.1 | 5.17 | 61.54 | 66.71 | OK | |
r-release-linux-x86_64 | 0.1.1 | 4.48 | 61.88 | 66.36 | OK | |
r-release-macos-arm64 | 0.1.1 | 42.00 | OK | |||
r-release-macos-x86_64 | 0.1.1 | 67.00 | OK | |||
r-release-windows-x86_64 | 0.1.1 | 7.00 | 77.00 | 84.00 | OK | |
r-oldrel-macos-arm64 | 0.1.1 | 38.00 | OK | |||
r-oldrel-macos-x86_64 | 0.1.1 | 56.00 | OK | |||
r-oldrel-windows-x86_64 | 0.1.1 | 7.00 | 92.00 | 99.00 | OK |
Version: 0.1.1
Check: examples
Result: NOTE
Examples with CPU (user + system) or elapsed time > 5s
user system elapsed
geom_moon 5.283 0.19 6.461
Flavor: r-devel-linux-x86_64-debian-clang