Last updated on 2025-04-30 04:50:06 CEST.
Flavor | Version | Tinstall | Tcheck | Ttotal | Status | Flags |
---|---|---|---|---|---|---|
r-devel-linux-x86_64-debian-clang | 0.3.0 | 15.96 | 286.10 | 302.06 | NOTE | |
r-devel-linux-x86_64-debian-gcc | 0.3.0 | 10.79 | 190.76 | 201.55 | OK | |
r-devel-linux-x86_64-fedora-clang | 0.3.0 | 451.53 | OK | |||
r-devel-linux-x86_64-fedora-gcc | 0.3.0 | 455.18 | OK | |||
r-devel-windows-x86_64 | 0.3.0 | 18.00 | 282.00 | 300.00 | OK | |
r-patched-linux-x86_64 | 0.3.0 | 18.84 | 266.91 | 285.75 | OK | |
r-release-linux-x86_64 | 0.3.0 | 14.65 | 266.10 | 280.75 | OK | |
r-release-macos-arm64 | 0.3.0 | 148.00 | OK | |||
r-release-macos-x86_64 | 0.3.0 | 239.00 | OK | |||
r-release-windows-x86_64 | 0.3.0 | 19.00 | 287.00 | 306.00 | OK | |
r-oldrel-macos-arm64 | 0.3.0 | 119.00 | OK | |||
r-oldrel-macos-x86_64 | 0.3.0 | 218.00 | OK | |||
r-oldrel-windows-x86_64 | 0.3.0 | 22.00 | 368.00 | 390.00 | OK |
Version: 0.3.0
Check: examples
Result: NOTE
Examples with CPU (user + system) or elapsed time > 5s
user system elapsed
facet_grid2 4.574 0.112 5.994
strip_split 3.896 0.095 13.930
scale_facet 3.289 0.032 5.253
strip_nested 2.741 0.012 5.910
stat_theodensity 2.335 0.075 5.709
Flavor: r-devel-linux-x86_64-debian-clang