CRAN Package Check Results for Package gghalfnorm

Last updated on 2025-04-30 04:50:06 CEST.

Flavor Version Tinstall Tcheck Ttotal Status Flags
r-devel-linux-x86_64-debian-clang 1.1.2 5.54 47.84 53.38 OK
r-devel-linux-x86_64-debian-gcc 1.1.2 3.83 33.94 37.77 OK
r-devel-linux-x86_64-fedora-clang 1.1.2 71.88 OK
r-devel-linux-x86_64-fedora-gcc 1.1.2 70.78 OK
r-devel-windows-x86_64 1.1.2 7.00 63.00 70.00 OK
r-patched-linux-x86_64 1.1.2 5.19 44.16 49.35 OK
r-release-linux-x86_64 1.1.2 5.12 43.10 48.22 OK
r-release-macos-arm64 1.1.2 29.00 OK
r-release-macos-x86_64 1.1.2 66.00 OK
r-release-windows-x86_64 1.1.2 8.00 62.00 70.00 OK
r-oldrel-macos-arm64 1.1.2 25.00 NOTE
r-oldrel-macos-x86_64 1.1.2 36.00 NOTE
r-oldrel-windows-x86_64 1.1.2 8.00 71.00 79.00 NOTE

Check Details

Version: 1.1.2
Check: LazyData
Result: NOTE 'LazyData' is specified without a 'data' directory Flavors: r-oldrel-macos-arm64, r-oldrel-macos-x86_64, r-oldrel-windows-x86_64