Last updated on 2025-04-30 04:50:06 CEST.
Flavor | Version | Tinstall | Tcheck | Ttotal | Status | Flags |
---|---|---|---|---|---|---|
r-devel-linux-x86_64-debian-clang | 0.4.1 | 6.28 | 85.12 | 91.40 | NOTE | |
r-devel-linux-x86_64-debian-gcc | 0.4.1 | 3.95 | 61.40 | 65.35 | OK | |
r-devel-linux-x86_64-fedora-clang | 0.4.1 | 128.04 | OK | |||
r-devel-linux-x86_64-fedora-gcc | 0.4.1 | 140.77 | OK | |||
r-devel-windows-x86_64 | 0.4.1 | 8.00 | 94.00 | 102.00 | OK | |
r-patched-linux-x86_64 | 0.4.1 | 5.27 | 80.54 | 85.81 | OK | |
r-release-linux-x86_64 | 0.4.1 | 5.17 | 80.31 | 85.48 | OK | |
r-release-macos-arm64 | 0.4.1 | 48.00 | OK | |||
r-release-macos-x86_64 | 0.4.1 | 90.00 | OK | |||
r-release-windows-x86_64 | 0.4.1 | 8.00 | 92.00 | 100.00 | OK | |
r-oldrel-macos-arm64 | 0.4.1 | 43.00 | OK | |||
r-oldrel-macos-x86_64 | 0.4.1 | 115.00 | OK | |||
r-oldrel-windows-x86_64 | 0.4.1 | 10.00 | 112.00 | 122.00 | OK |
Version: 0.4.1
Check: examples
Result: NOTE
Examples with CPU (user + system) or elapsed time > 5s
user system elapsed
gghighlight 1.363 0.051 11.306
Flavor: r-devel-linux-x86_64-debian-clang