Last updated on 2025-02-21 03:52:13 CET.
Flavor | Version | Tinstall | Tcheck | Ttotal | Status | Flags |
---|---|---|---|---|---|---|
r-devel-linux-x86_64-debian-clang | 0.3.3 | 9.99 | 98.69 | 108.68 | NOTE | |
r-devel-linux-x86_64-debian-gcc | 0.3.3 | 6.96 | 61.85 | 68.81 | NOTE | |
r-devel-linux-x86_64-fedora-clang | 0.3.3 | 175.96 | NOTE | |||
r-devel-linux-x86_64-fedora-gcc | 0.3.3 | 159.88 | NOTE | |||
r-devel-macos-arm64 | 0.3.3 | 46.00 | NOTE | |||
r-devel-macos-x86_64 | 0.3.3 | 103.00 | NOTE | |||
r-devel-windows-x86_64 | 0.3.3 | 15.00 | 121.00 | 136.00 | NOTE | |
r-patched-linux-x86_64 | 0.3.3 | 10.01 | 94.42 | 104.43 | NOTE | |
r-release-linux-x86_64 | 0.3.3 | 9.80 | 91.89 | 101.69 | NOTE | |
r-release-macos-arm64 | 0.3.3 | 44.00 | NOTE | |||
r-release-macos-x86_64 | 0.3.3 | 75.00 | NOTE | |||
r-release-windows-x86_64 | 0.3.3 | 16.00 | 111.00 | 127.00 | NOTE | |
r-oldrel-macos-arm64 | 0.3.3 | 39.00 | NOTE | |||
r-oldrel-macos-x86_64 | 0.3.3 | 79.00 | NOTE | |||
r-oldrel-windows-x86_64 | 0.3.3 | 16.00 | 167.00 | 183.00 | NOTE |
Version: 0.3.3
Check: C++ specification
Result: NOTE
Specified C++11: please drop specification unless essential
Flavors: r-devel-linux-x86_64-debian-clang, r-devel-linux-x86_64-debian-gcc, r-devel-linux-x86_64-fedora-clang, r-devel-linux-x86_64-fedora-gcc, r-devel-macos-arm64, r-devel-macos-x86_64, r-devel-windows-x86_64, r-patched-linux-x86_64, r-release-linux-x86_64, r-release-macos-arm64, r-release-macos-x86_64, r-release-windows-x86_64, r-oldrel-macos-arm64, r-oldrel-macos-x86_64, r-oldrel-windows-x86_64