Last updated on 2025-04-30 04:50:06 CEST.
Flavor | Version | Tinstall | Tcheck | Ttotal | Status | Flags |
---|---|---|---|---|---|---|
r-devel-linux-x86_64-debian-clang | 0.2.0-1 | 5.49 | 96.97 | 102.46 | NOTE | |
r-devel-linux-x86_64-debian-gcc | 0.2.0-1 | 3.91 | 68.78 | 72.69 | OK | |
r-devel-linux-x86_64-fedora-clang | 0.2.0-1 | 146.93 | OK | |||
r-devel-linux-x86_64-fedora-gcc | 0.2.0-1 | 160.61 | OK | |||
r-devel-windows-x86_64 | 0.2.0-1 | 7.00 | 107.00 | 114.00 | OK | |
r-patched-linux-x86_64 | 0.2.0-1 | 5.23 | 90.19 | 95.42 | OK | |
r-release-linux-x86_64 | 0.2.0-1 | 5.08 | 88.93 | 94.01 | OK | |
r-release-macos-arm64 | 0.2.0-1 | 70.00 | OK | |||
r-release-macos-x86_64 | 0.2.0-1 | 89.00 | OK | |||
r-release-windows-x86_64 | 0.2.0-1 | 7.00 | 106.00 | 113.00 | OK | |
r-oldrel-macos-arm64 | 0.2.0-1 | 209.00 | OK | |||
r-oldrel-macos-x86_64 | 0.2.0-1 | 234.00 | OK | |||
r-oldrel-windows-x86_64 | 0.2.0-1 | 8.00 | 125.00 | 133.00 | OK |
Version: 0.2.0-1
Check: examples
Result: NOTE
Examples with CPU (user + system) or elapsed time > 5s
user system elapsed
geom_debug_panel 3.682 0.097 5.228
stat_debug_group 2.199 0.020 5.580
Flavor: r-devel-linux-x86_64-debian-clang