Last updated on 2025-04-30 04:50:06 CEST.
Flavor | Version | Tinstall | Tcheck | Ttotal | Status | Flags |
---|---|---|---|---|---|---|
r-devel-linux-x86_64-debian-clang | 0.3.2 | 25.45 | 76.99 | 102.44 | NOTE | |
r-devel-linux-x86_64-debian-gcc | 0.3.2 | 16.90 | 54.60 | 71.50 | OK | |
r-devel-linux-x86_64-fedora-clang | 0.3.2 | 163.92 | OK | |||
r-devel-linux-x86_64-fedora-gcc | 0.3.2 | 168.49 | OK | |||
r-devel-windows-x86_64 | 0.3.2 | 31.00 | 103.00 | 134.00 | OK | |
r-patched-linux-x86_64 | 0.3.2 | 23.56 | 69.82 | 93.38 | OK | |
r-release-linux-x86_64 | 0.3.2 | 24.23 | 71.26 | 95.49 | OK | |
r-release-macos-arm64 | 0.3.2 | 50.00 | OK | |||
r-release-macos-x86_64 | 0.3.2 | 89.00 | OK | |||
r-release-windows-x86_64 | 0.3.2 | 33.00 | 111.00 | 144.00 | OK | |
r-oldrel-macos-arm64 | 0.3.2 | 52.00 | OK | |||
r-oldrel-macos-x86_64 | 0.3.2 | 71.00 | OK | |||
r-oldrel-windows-x86_64 | 0.3.2 | 36.00 | 127.00 | 163.00 | OK |
Version: 0.3.2
Check: examples
Result: NOTE
Examples with CPU (user + system) or elapsed time > 5s
user system elapsed
stat_summary_address 2.507 0.078 5.281
Flavor: r-devel-linux-x86_64-debian-clang