Last updated on 2025-04-30 04:50:06 CEST.
Flavor | Version | Tinstall | Tcheck | Ttotal | Status | Flags |
---|---|---|---|---|---|---|
r-devel-linux-x86_64-debian-clang | 1.0.4 | 6.48 | 64.55 | 71.03 | NOTE | |
r-devel-linux-x86_64-debian-gcc | 1.0.4 | 4.10 | 44.84 | 48.94 | OK | |
r-devel-linux-x86_64-fedora-clang | 1.0.4 | 101.65 | OK | |||
r-devel-linux-x86_64-fedora-gcc | 1.0.4 | 100.40 | OK | |||
r-devel-windows-x86_64 | 1.0.4 | 8.00 | 76.00 | 84.00 | OK | |
r-patched-linux-x86_64 | 1.0.4 | 5.84 | 58.85 | 64.69 | OK | |
r-release-linux-x86_64 | 1.0.4 | 6.38 | 58.91 | 65.29 | OK | |
r-release-macos-arm64 | 1.0.4 | 32.00 | OK | |||
r-release-macos-x86_64 | 1.0.4 | 63.00 | OK | |||
r-release-windows-x86_64 | 1.0.4 | 8.00 | 75.00 | 83.00 | OK | |
r-oldrel-macos-arm64 | 1.0.4 | 38.00 | OK | |||
r-oldrel-macos-x86_64 | 1.0.4 | 55.00 | OK | |||
r-oldrel-windows-x86_64 | 1.0.4 | 11.00 | 93.00 | 104.00 | OK |
Version: 1.0.4
Check: examples
Result: NOTE
Examples with CPU (user + system) or elapsed time > 5s
user system elapsed
gglm 2.503 0.16 5.316
Flavor: r-devel-linux-x86_64-debian-clang