Last updated on 2025-11-02 03:51:39 CET.
| Flavor | Version | Tinstall | Tcheck | Ttotal | Status | Flags |
|---|---|---|---|---|---|---|
| r-devel-linux-x86_64-debian-clang | 4.0.2 | 12.63 | 88.69 | 101.32 | OK | |
| r-devel-linux-x86_64-debian-gcc | 4.0.2 | 8.57 | 61.94 | 70.51 | OK | |
| r-devel-linux-x86_64-fedora-clang | 4.0.2 | 59.00 | 101.12 | 160.12 | OK | |
| r-devel-linux-x86_64-fedora-gcc | 4.0.2 | 25.00 | 116.56 | 141.56 | OK | |
| r-devel-windows-x86_64 | 4.0.2 | 13.00 | 98.00 | 111.00 | OK | |
| r-patched-linux-x86_64 | 4.0.2 | 13.47 | 81.56 | 95.03 | OK | |
| r-release-linux-x86_64 | 4.0.2 | 12.24 | 82.23 | 94.47 | OK | |
| r-release-macos-arm64 | 4.0.2 | 6.00 | 36.00 | 42.00 | OK | |
| r-release-macos-x86_64 | 4.0.2 | 12.00 | 80.00 | 92.00 | OK | |
| r-release-windows-x86_64 | 4.0.2 | 14.00 | 98.00 | 112.00 | OK | |
| r-oldrel-macos-arm64 | 4.0.2 | 6.00 | 42.00 | 48.00 | OK | |
| r-oldrel-macos-x86_64 | 4.0.2 | 12.00 | 79.00 | 91.00 | NOTE | |
| r-oldrel-windows-x86_64 | 4.0.2 | 19.00 | 129.00 | 148.00 | OK |
Version: 4.0.2
Check: installed package size
Result: NOTE
installed size is 5.6Mb
sub-directories of 1Mb or more:
data 5.1Mb
Flavor: r-oldrel-macos-x86_64