Last updated on 2025-04-30 04:50:06 CEST.
Flavor | Version | Tinstall | Tcheck | Ttotal | Status | Flags |
---|---|---|---|---|---|---|
r-devel-linux-x86_64-debian-clang | 0.3.3 | 8.35 | 84.99 | 93.34 | NOTE | |
r-devel-linux-x86_64-debian-gcc | 0.3.3 | 5.72 | 61.25 | 66.97 | NOTE | |
r-devel-linux-x86_64-fedora-clang | 0.3.3 | 141.86 | NOTE | |||
r-devel-linux-x86_64-fedora-gcc | 0.3.3 | 153.97 | NOTE | |||
r-devel-windows-x86_64 | 0.3.3 | 10.00 | 107.00 | 117.00 | NOTE | |
r-patched-linux-x86_64 | 0.3.3 | 8.10 | 81.14 | 89.24 | NOTE | |
r-release-linux-x86_64 | 0.3.3 | 8.11 | 81.69 | 89.80 | NOTE | |
r-release-macos-arm64 | 0.3.3 | 49.00 | NOTE | |||
r-release-macos-x86_64 | 0.3.3 | 109.00 | NOTE | |||
r-release-windows-x86_64 | 0.3.3 | 10.00 | 97.00 | 107.00 | NOTE | |
r-oldrel-macos-arm64 | 0.3.3 | 48.00 | NOTE | |||
r-oldrel-macos-x86_64 | 0.3.3 | 78.00 | NOTE | |||
r-oldrel-windows-x86_64 | 0.3.3 | 14.00 | 122.00 | 136.00 | NOTE |
Version: 0.3.3
Check: CRAN incoming feasibility
Result: NOTE
Maintainer: ‘Haley Jeppson <hjeppson@iastate.edu>’
The BugReports field in DESCRIPTION has
https://github.com/haleyjeppson/ggmosaic
which should likely be
https://github.com/haleyjeppson/ggmosaic/issues
instead.
Flavors: r-devel-linux-x86_64-debian-clang, r-devel-linux-x86_64-debian-gcc
Version: 0.3.3
Check: dependencies in R code
Result: NOTE
':::' call which should be '::': ‘scales:::censor’
See the note in ?`:::` about the use of this operator.
Unexported object imported by a ':::' call: ‘productplots:::bound’
See the note in ?`:::` about the use of this operator.
Flavors: r-devel-linux-x86_64-debian-clang, r-devel-linux-x86_64-debian-gcc, r-devel-linux-x86_64-fedora-clang, r-devel-linux-x86_64-fedora-gcc, r-devel-windows-x86_64, r-patched-linux-x86_64, r-release-linux-x86_64, r-release-macos-arm64, r-release-macos-x86_64, r-release-windows-x86_64, r-oldrel-macos-arm64, r-oldrel-macos-x86_64, r-oldrel-windows-x86_64
Version: 0.3.3
Check: examples
Result: NOTE
Examples with CPU (user + system) or elapsed time > 5s
user system elapsed
geom_mosaic_text 3.541 0.036 6.887
geom_mosaic 2.007 0.033 7.180
Flavor: r-devel-linux-x86_64-debian-clang