CRAN Package Check Results for Package ggmr

Last updated on 2025-04-30 04:50:06 CEST.

Flavor Version Tinstall Tcheck Ttotal Status Flags
r-devel-linux-x86_64-debian-clang 0.1.1 1.76 19.84 21.60 NOTE
r-devel-linux-x86_64-debian-gcc 0.1.1 1.46 16.14 17.60 NOTE
r-devel-linux-x86_64-fedora-clang 0.1.1 32.66 OK
r-devel-linux-x86_64-fedora-gcc 0.1.1 33.28 OK
r-devel-windows-x86_64 0.1.1 3.00 46.00 49.00 OK
r-patched-linux-x86_64 0.1.1 1.70 18.76 20.46 OK
r-release-linux-x86_64 0.1.1 1.70 18.85 20.55 OK
r-release-macos-arm64 0.1.1 16.00 OK
r-release-macos-x86_64 0.1.1 24.00 OK
r-release-windows-x86_64 0.1.1 3.00 43.00 46.00 OK
r-oldrel-macos-arm64 0.1.1 15.00 OK
r-oldrel-macos-x86_64 0.1.1 21.00 OK
r-oldrel-windows-x86_64 0.1.1 3.00 42.00 45.00 OK

Check Details

Version: 0.1.1
Check: CRAN incoming feasibility
Result: NOTE Maintainer: ‘Hugo Gasca-Aragon <hugo_gasca_aragon@hotmail.com>’ No Authors@R field in DESCRIPTION. Please add one, modifying Authors@R: person(given = "Hugo", family = "Gasca-Aragon", role = c("aut", "cre"), email = "hugo_gasca_aragon@hotmail.com") as necessary. Flavors: r-devel-linux-x86_64-debian-clang, r-devel-linux-x86_64-debian-gcc