CRAN Package Check Results for Package ggmuller

Last updated on 2025-04-30 04:50:06 CEST.

Flavor Version Tinstall Tcheck Ttotal Status Flags
r-devel-linux-x86_64-debian-clang 0.5.6 7.25 70.65 77.90 NOTE
r-devel-linux-x86_64-debian-gcc 0.5.6 4.66 52.24 56.90 OK
r-devel-linux-x86_64-fedora-clang 0.5.6 116.69 OK
r-devel-linux-x86_64-fedora-gcc 0.5.6 126.56 OK
r-devel-windows-x86_64 0.5.6 9.00 88.00 97.00 OK
r-patched-linux-x86_64 0.5.6 7.31 68.03 75.34 OK
r-release-linux-x86_64 0.5.6 6.83 69.00 75.83 OK
r-release-macos-arm64 0.5.6 44.00 OK
r-release-macos-x86_64 0.5.6 75.00 OK
r-release-windows-x86_64 0.5.6 9.00 87.00 96.00 OK
r-oldrel-macos-arm64 0.5.6 38.00 OK
r-oldrel-macos-x86_64 0.5.6 60.00 OK
r-oldrel-windows-x86_64 0.5.6 10.00 102.00 112.00 OK

Check Details

Version: 0.5.6
Check: examples
Result: NOTE Examples with CPU (user + system) or elapsed time > 5s user system elapsed Muller_plot 3.037 0.087 6.425 Flavor: r-devel-linux-x86_64-debian-clang