Last updated on 2025-02-21 03:52:13 CET.
Flavor | Version | Tinstall | Tcheck | Ttotal | Status | Flags |
---|---|---|---|---|---|---|
r-devel-linux-x86_64-debian-clang | 0.5.13 | 5.38 | 81.38 | 86.76 | NOTE | |
r-devel-linux-x86_64-debian-gcc | 0.5.13 | 3.90 | 58.92 | 62.82 | NOTE | |
r-devel-linux-x86_64-fedora-clang | 0.5.13 | 130.80 | NOTE | |||
r-devel-linux-x86_64-fedora-gcc | 0.5.13 | 147.58 | NOTE | |||
r-devel-macos-arm64 | 0.5.13 | 44.00 | OK | |||
r-devel-macos-x86_64 | 0.5.13 | 127.00 | OK | |||
r-devel-windows-x86_64 | 0.5.13 | 8.00 | 83.00 | 91.00 | NOTE | |
r-patched-linux-x86_64 | 0.5.13 | 10.19 | 77.89 | 88.08 | OK | |
r-release-linux-x86_64 | 0.5.13 | 4.77 | 76.76 | 81.53 | OK | |
r-release-macos-arm64 | 0.5.13 | 40.00 | OK | |||
r-release-macos-x86_64 | 0.5.13 | 78.00 | OK | |||
r-release-windows-x86_64 | 0.5.13 | 8.00 | 83.00 | 91.00 | OK | |
r-oldrel-macos-arm64 | 0.5.13 | 43.00 | OK | |||
r-oldrel-macos-x86_64 | 0.5.13 | 71.00 | OK | |||
r-oldrel-windows-x86_64 | 0.5.13 | 8.00 | 127.00 | 135.00 | OK |
Version: 0.5.13
Check: Rd cross-references
Result: NOTE
Found the following Rd file(s) with Rd \link{} targets missing package
anchors:
geom_edgetext.Rd: geom_text, geom_label
geom_edgetext_repel.Rd: geom_text_repel, geom_label_repel
theme_blank.Rd: theme
theme_facet.Rd: theme
Please provide package anchors for all Rd \link{} targets not in the
package itself and the base packages.
Flavors: r-devel-linux-x86_64-debian-clang, r-devel-linux-x86_64-debian-gcc, r-devel-windows-x86_64
Version: 0.5.13
Check: dependencies in R code
Result: NOTE
Namespaces in Imports field not imported from:
‘sna’ ‘utils’
All declared Imports should be used.
Flavors: r-devel-linux-x86_64-fedora-clang, r-devel-linux-x86_64-fedora-gcc