Last updated on 2025-04-30 04:50:06 CEST.
Flavor | Version | Tinstall | Tcheck | Ttotal | Status | Flags |
---|---|---|---|---|---|---|
r-devel-linux-x86_64-debian-clang | 0.1.0 | 1.97 | 26.72 | 28.69 | NOTE | |
r-devel-linux-x86_64-debian-gcc | 0.1.0 | 1.56 | 20.88 | 22.44 | OK | |
r-devel-linux-x86_64-fedora-clang | 0.1.0 | 41.05 | OK | |||
r-devel-linux-x86_64-fedora-gcc | 0.1.0 | 41.47 | OK | |||
r-devel-windows-x86_64 | 0.1.0 | 4.00 | 50.00 | 54.00 | OK | |
r-patched-linux-x86_64 | 0.1.0 | 1.72 | 24.52 | 26.24 | OK | |
r-release-linux-x86_64 | 0.1.0 | 2.05 | 24.10 | 26.15 | OK | |
r-release-macos-arm64 | 0.1.0 | 21.00 | OK | |||
r-release-macos-x86_64 | 0.1.0 | 29.00 | OK | |||
r-release-windows-x86_64 | 0.1.0 | 5.00 | 47.00 | 52.00 | OK | |
r-oldrel-macos-arm64 | 0.1.0 | 18.00 | OK | |||
r-oldrel-macos-x86_64 | 0.1.0 | 28.00 | OK | |||
r-oldrel-windows-x86_64 | 0.1.0 | 4.00 | 49.00 | 53.00 | OK |
Version: 0.1.0
Check: examples
Result: NOTE
Examples with CPU (user + system) or elapsed time > 5s
user system elapsed
scale_okabe_ito 2.617 0.069 14.224
Flavor: r-devel-linux-x86_64-debian-clang