Last updated on 2025-04-30 04:50:06 CEST.
Flavor | Version | Tinstall | Tcheck | Ttotal | Status | Flags |
---|---|---|---|---|---|---|
r-devel-linux-x86_64-debian-clang | 0.4.3 | 9.82 | 102.94 | 112.76 | NOTE | |
r-devel-linux-x86_64-debian-gcc | 0.4.3 | 6.69 | 75.86 | 82.55 | OK | |
r-devel-linux-x86_64-fedora-clang | 0.4.3 | 170.68 | OK | |||
r-devel-linux-x86_64-fedora-gcc | 0.4.3 | 181.79 | OK | |||
r-devel-windows-x86_64 | 0.4.3 | 11.00 | 110.00 | 121.00 | OK | |
r-patched-linux-x86_64 | 0.4.3 | 9.93 | 99.56 | 109.49 | OK | |
r-release-linux-x86_64 | 0.4.3 | 9.83 | 100.25 | 110.08 | OK | |
r-release-macos-arm64 | 0.4.3 | 65.00 | OK | |||
r-release-macos-x86_64 | 0.4.3 | 102.00 | OK | |||
r-release-windows-x86_64 | 0.4.3 | 11.00 | 110.00 | 121.00 | OK | |
r-oldrel-macos-arm64 | 0.4.3 | 53.00 | OK | |||
r-oldrel-macos-x86_64 | 0.4.3 | 81.00 | OK | |||
r-oldrel-windows-x86_64 | 0.4.3 | 13.00 | 132.00 | 145.00 | OK |
Version: 0.4.3
Check: examples
Result: NOTE
Examples with CPU (user + system) or elapsed time > 5s
user system elapsed
gg_envfit 1.938 0.032 8.645
Flavor: r-devel-linux-x86_64-debian-clang