Last updated on 2025-04-30 04:50:06 CEST.
Flavor | Version | Tinstall | Tcheck | Ttotal | Status | Flags |
---|---|---|---|---|---|---|
r-devel-linux-x86_64-debian-clang | 0.2.3 | 2.36 | 52.70 | 55.06 | NOTE | |
r-devel-linux-x86_64-debian-gcc | 0.2.3 | 1.57 | 40.70 | 42.27 | OK | |
r-devel-linux-x86_64-fedora-clang | 0.2.3 | 86.35 | OK | |||
r-devel-linux-x86_64-fedora-gcc | 0.2.3 | 98.42 | OK | |||
r-devel-windows-x86_64 | 0.2.3 | 4.00 | 77.00 | 81.00 | OK | |
r-patched-linux-x86_64 | 0.2.3 | 2.29 | 50.17 | 52.46 | OK | |
r-release-linux-x86_64 | 0.2.3 | 1.86 | 50.38 | 52.24 | OK | |
r-release-macos-arm64 | 0.2.3 | 37.00 | OK | |||
r-release-macos-x86_64 | 0.2.3 | 63.00 | OK | |||
r-release-windows-x86_64 | 0.2.3 | 4.00 | 72.00 | 76.00 | OK | |
r-oldrel-macos-arm64 | 0.2.3 | 34.00 | OK | |||
r-oldrel-macos-x86_64 | 0.2.3 | 51.00 | OK | |||
r-oldrel-windows-x86_64 | 0.2.3 | 5.00 | 80.00 | 85.00 | OK |
Version: 0.2.3
Check: examples
Result: NOTE
Examples with CPU (user + system) or elapsed time > 5s
user system elapsed
paper_shape 2.574 0.182 10.05
Flavor: r-devel-linux-x86_64-debian-clang