CRAN Package Check Results for Package ggparty

Last updated on 2025-04-30 04:50:06 CEST.

Flavor Version Tinstall Tcheck Ttotal Status Flags
r-devel-linux-x86_64-debian-clang 1.0.0 11.51 208.36 219.87 NOTE
r-devel-linux-x86_64-debian-gcc 1.0.0 7.93 144.50 152.43 NOTE
r-devel-linux-x86_64-fedora-clang 1.0.0 347.44 NOTE
r-devel-linux-x86_64-fedora-gcc 1.0.0 343.06 NOTE
r-devel-windows-x86_64 1.0.0 12.00 185.00 197.00 NOTE
r-patched-linux-x86_64 1.0.0 10.60 205.35 215.95 NOTE
r-release-linux-x86_64 1.0.0 10.35 201.85 212.20 NOTE
r-release-macos-arm64 1.0.0 98.00 OK
r-release-macos-x86_64 1.0.0 184.00 OK
r-release-windows-x86_64 1.0.0 11.00 184.00 195.00 NOTE
r-oldrel-macos-arm64 1.0.0 84.00 NOTE
r-oldrel-macos-x86_64 1.0.0 139.00 NOTE
r-oldrel-windows-x86_64 1.0.0 15.00 246.00 261.00 NOTE

Check Details

Version: 1.0.0
Check: Rd cross-references
Result: NOTE Found the following Rd file(s) with Rd \link{} targets missing package anchors: geom_edge.Rd: layer, geom_segment geom_edge_label.Rd: geom_label geom_node_label.Rd: ggplot, fortify, borders geom_node_plot.Rd: facet_wrap ggparty.Rd: ggplot Please provide package anchors for all Rd \link{} targets not in the package itself and the base packages. Flavors: r-devel-linux-x86_64-debian-clang, r-devel-linux-x86_64-debian-gcc, r-devel-windows-x86_64, r-patched-linux-x86_64, r-release-linux-x86_64, r-release-windows-x86_64

Version: 1.0.0
Check: examples
Result: NOTE Examples with CPU (user + system) or elapsed time > 5s user system elapsed geom_node_label 3.326 0.098 10.454 geom_node_plot 2.728 0.019 8.881 Flavor: r-devel-linux-x86_64-debian-clang

Version: 1.0.0
Check: dependencies in R code
Result: NOTE Namespace in Imports field not imported from: ‘survival’ All declared Imports should be used. Flavors: r-devel-linux-x86_64-fedora-clang, r-devel-linux-x86_64-fedora-gcc

Version: 1.0.0
Check: LazyData
Result: NOTE 'LazyData' is specified without a 'data' directory Flavors: r-oldrel-macos-arm64, r-oldrel-macos-x86_64, r-oldrel-windows-x86_64