Last updated on 2025-02-21 03:52:13 CET.
Flavor | Version | Tinstall | Tcheck | Ttotal | Status | Flags |
---|---|---|---|---|---|---|
r-devel-linux-x86_64-debian-clang | 1.0.2 | 4.52 | 45.15 | 49.67 | OK | |
r-devel-linux-x86_64-debian-gcc | 1.0.2 | 3.18 | 32.46 | 35.64 | OK | |
r-devel-linux-x86_64-fedora-clang | 1.0.2 | 77.51 | ERROR | |||
r-devel-linux-x86_64-fedora-gcc | 1.0.2 | 77.51 | OK | |||
r-devel-macos-arm64 | 1.0.2 | 27.00 | OK | |||
r-devel-macos-x86_64 | 1.0.2 | 47.00 | OK | |||
r-devel-windows-x86_64 | 1.0.2 | 7.00 | 62.00 | 69.00 | OK | |
r-patched-linux-x86_64 | 1.0.2 | 4.60 | 40.81 | 45.41 | OK | |
r-release-linux-x86_64 | 1.0.2 | 4.18 | 40.53 | 44.71 | OK | |
r-release-macos-arm64 | 1.0.2 | 28.00 | OK | |||
r-release-macos-x86_64 | 1.0.2 | 71.00 | OK | |||
r-release-windows-x86_64 | 1.0.2 | 6.00 | 61.00 | 67.00 | OK | |
r-oldrel-macos-arm64 | 1.0.2 | 33.00 | OK | |||
r-oldrel-macos-x86_64 | 1.0.2 | 47.00 | OK | |||
r-oldrel-windows-x86_64 | 1.0.2 | 9.00 | 70.00 | 79.00 | OK |
Version: 1.0.2
Check: tests
Result: ERROR
Running ‘testthat.R’ [4s/11s]
Running the tests in ‘tests/testthat.R’ failed.
Complete output:
> library(testthat)
> library(ggpath)
>
> test_check("ggpath")
free(): double free detected in tcache 2
Flavor: r-devel-linux-x86_64-fedora-clang