Last updated on 2025-04-30 04:50:06 CEST.
Flavor | Version | Tinstall | Tcheck | Ttotal | Status | Flags |
---|---|---|---|---|---|---|
r-devel-linux-x86_64-debian-clang | 0.2.0 | 7.39 | 69.31 | 76.70 | NOTE | |
r-devel-linux-x86_64-debian-gcc | 0.2.0 | 4.86 | 49.61 | 54.47 | NOTE | |
r-devel-linux-x86_64-fedora-clang | 0.2.0 | 110.76 | NOTE | |||
r-devel-linux-x86_64-fedora-gcc | 0.2.0 | 107.53 | NOTE | |||
r-devel-windows-x86_64 | 0.2.0 | 10.00 | 84.00 | 94.00 | NOTE | |
r-patched-linux-x86_64 | 0.2.0 | 7.51 | 64.82 | 72.33 | NOTE | |
r-release-linux-x86_64 | 0.2.0 | 6.97 | 65.52 | 72.49 | NOTE | |
r-release-macos-arm64 | 0.2.0 | 33.00 | NOTE | |||
r-release-macos-x86_64 | 0.2.0 | 65.00 | NOTE | |||
r-release-windows-x86_64 | 0.2.0 | 9.00 | 79.00 | 88.00 | NOTE | |
r-oldrel-macos-arm64 | 0.2.0 | 33.00 | NOTE | |||
r-oldrel-macos-x86_64 | 0.2.0 | 50.00 | NOTE | |||
r-oldrel-windows-x86_64 | 0.2.0 | 10.00 | 98.00 | 108.00 | NOTE |
Version: 0.2.0
Check: Rd files
Result: NOTE
checkRd: (-1) pcp_scale.Rd:50: Lost braces in \itemize; meant \describe ?
checkRd: (-1) pcp_scale.Rd:51: Lost braces in \itemize; meant \describe ?
checkRd: (-1) pcp_scale.Rd:52: Lost braces in \itemize; meant \describe ?
checkRd: (-1) pcp_scale.Rd:53: Lost braces in \itemize; meant \describe ?
checkRd: (-1) pcp_scale.Rd:54-55: Lost braces in \itemize; meant \describe ?
Flavors: r-devel-linux-x86_64-debian-clang, r-devel-linux-x86_64-debian-gcc, r-devel-linux-x86_64-fedora-clang, r-devel-linux-x86_64-fedora-gcc, r-devel-windows-x86_64, r-patched-linux-x86_64, r-release-linux-x86_64, r-release-macos-arm64, r-release-macos-x86_64, r-release-windows-x86_64, r-oldrel-macos-arm64, r-oldrel-macos-x86_64, r-oldrel-windows-x86_64
Version: 0.2.0
Check: examples
Result: NOTE
Examples with CPU (user + system) or elapsed time > 5s
user system elapsed
geom_pcp 4.181 0.024 10.480
geom_pcp_labels 3.577 0.008 6.906
geom_pcp_boxes 3.539 0.004 11.695
theme_pcp 1.508 0.004 7.968
aes_pcp 0.853 0.031 7.505
Flavor: r-devel-linux-x86_64-debian-clang