Last updated on 2025-04-30 04:50:06 CEST.
Flavor | Version | Tinstall | Tcheck | Ttotal | Status | Flags |
---|---|---|---|---|---|---|
r-devel-linux-x86_64-debian-clang | 0.6.1 | 20.26 | 306.13 | 326.39 | NOTE | |
r-devel-linux-x86_64-debian-gcc | 0.6.1 | 14.01 | 208.80 | 222.81 | NOTE | |
r-devel-linux-x86_64-fedora-clang | 0.6.1 | 492.78 | OK | |||
r-devel-linux-x86_64-fedora-gcc | 0.6.1 | 488.83 | OK | |||
r-devel-windows-x86_64 | 0.6.1 | 23.00 | 290.00 | 313.00 | OK | |
r-patched-linux-x86_64 | 0.6.1 | 21.85 | 291.09 | 312.94 | OK | |
r-release-linux-x86_64 | 0.6.1 | 20.62 | 289.91 | 310.53 | OK | |
r-release-macos-arm64 | 0.6.1 | 136.00 | OK | |||
r-release-macos-x86_64 | 0.6.1 | 240.00 | OK | |||
r-release-windows-x86_64 | 0.6.1 | 23.00 | 267.00 | 290.00 | OK | |
r-oldrel-macos-arm64 | 0.6.1 | 252.00 | OK | |||
r-oldrel-macos-x86_64 | 0.6.1 | 330.00 | OK | |||
r-oldrel-windows-x86_64 | 0.6.1 | 27.00 | 352.00 | 379.00 | OK |
Version: 0.6.1
Check: examples
Result: NOTE
Examples with CPU (user + system) or elapsed time > 5s
user system elapsed
stat_multcomp 8.309 0.007 10.598
stat_ma_eq 7.275 0.032 8.475
stat_poly_eq 7.206 0.047 9.569
stat_quant_eq 6.524 0.020 8.272
stat_fit_tb 5.944 0.075 7.371
stat_ma_line 5.374 0.016 7.365
stat_correlation 4.917 0.146 7.309
stat_quant_line 4.497 0.071 6.246
Flavor: r-devel-linux-x86_64-debian-clang
Version: 0.6.1
Check: examples
Result: NOTE
Examples with CPU (user + system) or elapsed time > 5s
user system elapsed
stat_multcomp 5.386 0.008 6.563
stat_poly_eq 4.548 0.012 5.693
stat_quant_eq 4.323 0.008 5.176
Flavor: r-devel-linux-x86_64-debian-gcc