Last updated on 2025-04-30 04:50:07 CEST.
Flavor | Version | Tinstall | Tcheck | Ttotal | Status | Flags |
---|---|---|---|---|---|---|
r-devel-linux-x86_64-debian-clang | 0.5.8-1 | 18.02 | 285.40 | 303.42 | NOTE | |
r-devel-linux-x86_64-debian-gcc | 0.5.8-1 | 11.95 | 199.87 | 211.82 | OK | |
r-devel-linux-x86_64-fedora-clang | 0.5.8-1 | 444.04 | OK | |||
r-devel-linux-x86_64-fedora-gcc | 0.5.8-1 | 447.99 | OK | |||
r-devel-windows-x86_64 | 0.5.8-1 | 18.00 | 264.00 | 282.00 | OK | |
r-patched-linux-x86_64 | 0.5.8-1 | 19.62 | 271.76 | 291.38 | OK | |
r-release-linux-x86_64 | 0.5.8-1 | 19.16 | 270.83 | 289.99 | OK | |
r-release-macos-arm64 | 0.5.8-1 | 137.00 | OK | |||
r-release-macos-x86_64 | 0.5.8-1 | 234.00 | OK | |||
r-release-windows-x86_64 | 0.5.8-1 | 19.00 | 425.00 | 444.00 | OK | |
r-oldrel-macos-arm64 | 0.5.8-1 | 125.00 | OK | |||
r-oldrel-macos-x86_64 | 0.5.8-1 | 341.00 | OK | |||
r-oldrel-windows-x86_64 | 0.5.8-1 | 22.00 | 419.00 | 441.00 | OK |
Version: 0.5.8-1
Check: examples
Result: NOTE
Examples with CPU (user + system) or elapsed time > 5s
user system elapsed
geom_text_s 6.212 0.005 9.064
stat_panel_counts 4.696 0.028 5.566
position_nudge_line 4.211 0.102 5.703
annotate 3.638 0.222 5.523
Flavor: r-devel-linux-x86_64-debian-clang