Last updated on 2025-04-30 04:50:07 CEST.
Flavor | Version | Tinstall | Tcheck | Ttotal | Status | Flags |
---|---|---|---|---|---|---|
r-devel-linux-x86_64-debian-clang | 0.6.0 | 15.56 | 252.85 | 268.41 | NOTE | |
r-devel-linux-x86_64-debian-gcc | 0.6.0 | 10.50 | 166.76 | 177.26 | NOTE | |
r-devel-linux-x86_64-fedora-clang | 0.6.0 | 397.92 | OK | |||
r-devel-linux-x86_64-fedora-gcc | 0.6.0 | 383.53 | OK | |||
r-devel-windows-x86_64 | 0.6.0 | 17.00 | 261.00 | 278.00 | NOTE | |
r-patched-linux-x86_64 | 0.6.0 | 18.38 | 237.11 | 255.49 | NOTE | |
r-release-linux-x86_64 | 0.6.0 | 13.09 | 234.09 | 247.18 | NOTE | |
r-release-macos-arm64 | 0.6.0 | 98.00 | OK | |||
r-release-macos-x86_64 | 0.6.0 | 202.00 | OK | |||
r-release-windows-x86_64 | 0.6.0 | 19.00 | 238.00 | 257.00 | NOTE | |
r-oldrel-macos-arm64 | 0.6.0 | 93.00 | OK | |||
r-oldrel-macos-x86_64 | 0.6.0 | 145.00 | OK | |||
r-oldrel-windows-x86_64 | 0.6.0 | 21.00 | 318.00 | 339.00 | OK |
Version: 0.6.0
Check: Rd cross-references
Result: NOTE
Found the following Rd file(s) with Rd \link{} targets missing package
anchors:
geom_bracket.Rd: layer
geom_pwc.Rd: layer
Please provide package anchors for all Rd \link{} targets not in the
package itself and the base packages.
Flavors: r-devel-linux-x86_64-debian-clang, r-devel-linux-x86_64-debian-gcc, r-devel-windows-x86_64, r-patched-linux-x86_64, r-release-linux-x86_64, r-release-windows-x86_64
Version: 0.6.0
Check: examples
Result: NOTE
Examples with CPU (user + system) or elapsed time > 5s
user system elapsed
ggsummarystats 5.574 0.020 7.331
ggtexttable 5.451 0.099 7.201
ggbarplot 5.150 0.004 6.661
ggmaplot 4.872 0.067 6.950
stat_anova_test 4.706 0.087 6.477
ggline 4.737 0.008 6.106
ggviolin 4.340 0.095 5.844
ggpar 4.095 0.004 6.429
geom_pwc 4.033 0.036 5.976
diff_express 3.565 0.153 5.612
Flavor: r-devel-linux-x86_64-debian-clang