CRAN Package Check Results for Package ggrain

Last updated on 2025-04-30 04:50:07 CEST.

Flavor Version Tinstall Tcheck Ttotal Status Flags
r-devel-linux-x86_64-debian-clang 0.0.4 6.17 69.06 75.23 NOTE
r-devel-linux-x86_64-debian-gcc 0.0.4 3.87 49.31 53.18 NOTE
r-devel-linux-x86_64-fedora-clang 0.0.4 105.61 OK
r-devel-linux-x86_64-fedora-gcc 0.0.4 115.89 OK
r-devel-windows-x86_64 0.0.4 8.00 77.00 85.00 NOTE
r-patched-linux-x86_64 0.0.4 5.55 63.38 68.93 NOTE
r-release-linux-x86_64 0.0.4 4.97 63.22 68.19 NOTE
r-release-macos-arm64 0.0.4 45.00 OK
r-release-macos-x86_64 0.0.4 69.00 OK
r-release-windows-x86_64 0.0.4 8.00 82.00 90.00 NOTE
r-oldrel-macos-arm64 0.0.4 36.00 OK
r-oldrel-macos-x86_64 0.0.4 56.00 OK
r-oldrel-windows-x86_64 0.0.4 8.00 93.00 101.00 OK

Check Details

Version: 0.0.4
Check: Rd cross-references
Result: NOTE Found the following Rd file(s) with Rd \link{} targets missing package anchors: ggplot2-ggproto.Rd: geom_jitter, geom_count, geom_bin2d, layer, geom_smooth, geom_quantile, geom_density_2d, geom_boxplot, geom_hex, geom_density2d Please provide package anchors for all Rd \link{} targets not in the package itself and the base packages. Flavors: r-devel-linux-x86_64-debian-clang, r-devel-linux-x86_64-debian-gcc, r-devel-windows-x86_64, r-patched-linux-x86_64, r-release-linux-x86_64, r-release-windows-x86_64

Version: 0.0.4
Check: examples
Result: NOTE Examples with CPU (user + system) or elapsed time > 5s user system elapsed geom_rain 6.078 0.088 6.688 Flavor: r-devel-linux-x86_64-debian-clang