CRAN Package Check Results for Package ggraph

Last updated on 2025-04-30 04:50:07 CEST.

Flavor Version Tinstall Tcheck Ttotal Status Flags
r-devel-linux-x86_64-debian-clang 2.2.1 42.65 231.67 274.32 NOTE
r-devel-linux-x86_64-debian-gcc 2.2.1 31.92 159.94 191.86 OK
r-devel-linux-x86_64-fedora-clang 2.2.1 434.41 OK
r-devel-linux-x86_64-fedora-gcc 2.2.1 434.87 OK
r-devel-windows-x86_64 2.2.1 56.00 372.00 428.00 OK
r-patched-linux-x86_64 2.2.1 47.12 217.97 265.09 OK
r-release-linux-x86_64 2.2.1 42.21 218.82 261.03 OK
r-release-macos-arm64 2.2.1 116.00 OK
r-release-macos-x86_64 2.2.1 236.00 OK
r-release-windows-x86_64 2.2.1 50.00 737.00 787.00 OK
r-oldrel-macos-arm64 2.2.1 109.00 NOTE
r-oldrel-macos-x86_64 2.2.1 176.00 NOTE
r-oldrel-windows-x86_64 2.2.1 63.00 420.00 483.00 NOTE

Additional issues

rchk

Check Details

Version: 2.2.1
Check: examples
Result: NOTE Examples with CPU (user + system) or elapsed time > 5s user system elapsed geom_edge_bundle_minimal 5.265 0.043 6.023 Flavor: r-devel-linux-x86_64-debian-clang

Version: 2.2.1
Check: installed package size
Result: NOTE installed size is 7.7Mb sub-directories of 1Mb or more: doc 3.9Mb libs 2.2Mb Flavors: r-oldrel-macos-arm64, r-oldrel-macos-x86_64, r-oldrel-windows-x86_64