Last updated on 2025-04-30 04:50:07 CEST.
Flavor | Version | Tinstall | Tcheck | Ttotal | Status | Flags |
---|---|---|---|---|---|---|
r-devel-linux-x86_64-debian-clang | 0.2.3 | 13.70 | 114.23 | 127.93 | NOTE | |
r-devel-linux-x86_64-debian-gcc | 0.2.3 | 9.50 | 80.59 | 90.09 | NOTE | |
r-devel-linux-x86_64-fedora-clang | 0.2.3 | 190.50 | OK | |||
r-devel-linux-x86_64-fedora-gcc | 0.2.3 | 185.60 | OK | |||
r-devel-windows-x86_64 | 0.2.3 | 14.00 | 129.00 | 143.00 | OK | |
r-patched-linux-x86_64 | 0.2.3 | 13.62 | 106.43 | 120.05 | OK | |
r-release-linux-x86_64 | 0.2.3 | 12.74 | 106.44 | 119.18 | OK | |
r-release-macos-arm64 | 0.2.3 | 57.00 | OK | |||
r-release-macos-x86_64 | 0.2.3 | 98.00 | OK | |||
r-release-windows-x86_64 | 0.2.3 | 14.00 | 125.00 | 139.00 | OK | |
r-oldrel-macos-arm64 | 0.2.3 | 54.00 | OK | |||
r-oldrel-macos-x86_64 | 0.2.3 | 79.00 | OK | |||
r-oldrel-windows-x86_64 | 0.2.3 | 18.00 | 148.00 | 166.00 | OK |
Version: 0.2.3
Check: examples
Result: NOTE
Examples with CPU (user + system) or elapsed time > 5s
user system elapsed
scidca 9.193 0.191 12.449
Flavor: r-devel-linux-x86_64-debian-clang
Version: 0.2.3
Check: examples
Result: NOTE
Examples with CPU (user + system) or elapsed time > 5s
user system elapsed
scidca 6.305 0.504 8.7
Flavor: r-devel-linux-x86_64-debian-gcc