CRAN Package Check Results for Package ggseas

Last updated on 2025-04-30 04:50:07 CEST.

Flavor Version Tinstall Tcheck Ttotal Status Flags
r-devel-linux-x86_64-debian-clang 0.5.4 7.36 82.69 90.05 NOTE
r-devel-linux-x86_64-debian-gcc 0.5.4 5.20 57.64 62.84 NOTE
r-devel-linux-x86_64-fedora-clang 0.5.4 132.58 OK
r-devel-linux-x86_64-fedora-gcc 0.5.4 142.77 OK
r-devel-windows-x86_64 0.5.4 10.00 107.00 117.00 NOTE
r-patched-linux-x86_64 0.5.4 7.46 82.32 89.78 NOTE
r-release-linux-x86_64 0.5.4 5.91 77.65 83.56 NOTE
r-release-macos-arm64 0.5.4 45.00 OK
r-release-macos-x86_64 0.5.4 75.00 OK
r-release-windows-x86_64 0.5.4 10.00 104.00 114.00 NOTE
r-oldrel-macos-arm64 0.5.4 38.00 OK
r-oldrel-macos-x86_64 0.5.4 64.00 OK
r-oldrel-windows-x86_64 0.5.4 11.00 117.00 128.00 OK

Check Details

Version: 0.5.4
Check: Rd cross-references
Result: NOTE Found the following Rd file(s) with Rd \link{} targets missing package anchors: ggsdc.Rd: seas stat_decomp.Rd: aes, aes_, ggplot, fortify, borders stat_index.Rd: aes, aes_, ggplot, fortify, borders stat_rollapplyr.Rd: aes, aes_, ggplot, fortify, borders stat_seas.Rd: aes, aes_, ggplot, fortify, borders, seas stat_stl.Rd: aes, aes_, ggplot, fortify, borders Please provide package anchors for all Rd \link{} targets not in the package itself and the base packages. Flavors: r-devel-linux-x86_64-debian-clang, r-devel-linux-x86_64-debian-gcc, r-devel-windows-x86_64, r-patched-linux-x86_64, r-release-linux-x86_64, r-release-windows-x86_64

Version: 0.5.4
Check: examples
Result: NOTE Examples with CPU (user + system) or elapsed time > 5s user system elapsed ggsdc 4.243 0.023 5.131 Flavor: r-devel-linux-x86_64-debian-clang