CRAN Package Check Results for Package ggsignif

Last updated on 2025-04-30 04:50:07 CEST.

Flavor Version Tinstall Tcheck Ttotal Status Flags
r-devel-linux-x86_64-debian-clang 0.6.4 4.58 47.09 51.67 NOTE
r-devel-linux-x86_64-debian-gcc 0.6.4 2.99 34.89 37.88 NOTE
r-devel-linux-x86_64-fedora-clang 0.6.4 76.00 OK
r-devel-linux-x86_64-fedora-gcc 0.6.4 89.32 OK
r-devel-windows-x86_64 0.6.4 6.00 63.00 69.00 OK
r-patched-linux-x86_64 0.6.4 4.51 44.97 49.48 OK
r-release-linux-x86_64 0.6.4 4.64 45.07 49.71 OK
r-release-macos-arm64 0.6.4 46.00 OK
r-release-macos-x86_64 0.6.4 55.00 OK
r-release-windows-x86_64 0.6.4 8.00 62.00 70.00 OK
r-oldrel-macos-arm64 0.6.4 31.00 OK
r-oldrel-macos-x86_64 0.6.4 55.00 OK
r-oldrel-windows-x86_64 0.6.4 8.00 67.00 75.00 OK

Check Details

Version: 0.6.4
Check: CRAN incoming feasibility
Result: NOTE Maintainer: ‘Constantin Ahlmann-Eltze <artjom31415@googlemail.com>’ Package CITATION file contains call(s) to old-style citEntry(). Please use bibentry() instead. Flavors: r-devel-linux-x86_64-debian-clang, r-devel-linux-x86_64-debian-gcc

Version: 0.6.4
Check: DESCRIPTION meta-information
Result: NOTE Author field differs from that derived from Authors@R Author: ‘Constantin Ahlmann-Eltze [aut, cre, ctb] (<https://orcid.org/0000-0002-3762-068X>, @const_ae), Indrajeet Patil [aut, ctb] (<https://orcid.org/0000-0003-1995-6531>, @patilindrajeets)’ Authors@R: ‘Constantin Ahlmann-Eltze [aut, cre, ctb] (ORCID: <https://orcid.org/0000-0002-3762-068X>, Twitter: @const_ae), Indrajeet Patil [aut, ctb] (ORCID: <https://orcid.org/0000-0003-1995-6531>, Twitter: @patilindrajeets)’ Flavors: r-devel-linux-x86_64-debian-clang, r-devel-linux-x86_64-debian-gcc