Last updated on 2025-04-30 04:50:07 CEST.
Flavor | Version | Tinstall | Tcheck | Ttotal | Status | Flags |
---|---|---|---|---|---|---|
r-devel-linux-x86_64-debian-clang | 0.3.15 | 14.40 | 327.19 | 341.59 | NOTE | |
r-devel-linux-x86_64-debian-gcc | 0.3.15 | 9.73 | 226.36 | 236.09 | NOTE | |
r-devel-linux-x86_64-fedora-clang | 0.3.15 | 493.13 | OK | |||
r-devel-linux-x86_64-fedora-gcc | 0.3.15 | 494.17 | OK | |||
r-devel-windows-x86_64 | 0.3.15 | 15.00 | 363.00 | 378.00 | OK | |
r-patched-linux-x86_64 | 0.3.15 | 16.62 | 306.65 | 323.27 | OK | |
r-release-linux-x86_64 | 0.3.15 | 14.48 | 308.47 | 322.95 | OK | |
r-release-macos-arm64 | 0.3.15 | 122.00 | OK | |||
r-release-macos-x86_64 | 0.3.15 | 277.00 | OK | |||
r-release-windows-x86_64 | 0.3.15 | 15.00 | 431.00 | 446.00 | OK | |
r-oldrel-macos-arm64 | 0.3.15 | 133.00 | OK | |||
r-oldrel-macos-x86_64 | 0.3.15 | 172.00 | OK | |||
r-oldrel-windows-x86_64 | 0.3.15 | 20.00 | 393.00 | 413.00 | OK |
Version: 0.3.15
Check: examples
Result: NOTE
Examples with CPU (user + system) or elapsed time > 5s
user system elapsed
autoplot.source_spct 13.656 0.063 18.323
autoplot.filter_spct 7.279 0.087 9.350
autoplot.cps_spct 4.648 0.193 6.444
autoplot.response_spct 4.375 0.004 5.755
Flavor: r-devel-linux-x86_64-debian-clang
Version: 0.3.15
Check: examples
Result: NOTE
Examples with CPU (user + system) or elapsed time > 5s
user system elapsed
autoplot.source_spct 8.451 0.032 9.767
autoplot.filter_spct 4.357 0.051 5.208
Flavor: r-devel-linux-x86_64-debian-gcc